{"id":1049,"date":"2020-12-13T13:29:27","date_gmt":"2020-12-13T12:29:27","guid":{"rendered":"https:\/\/www.lacnekontajnery.sk\/eshop\/?post_type=product&#038;p=1049"},"modified":"2022-11-13T16:43:13","modified_gmt":"2022-11-13T15:43:13","slug":"mobilna-garaz-8x12-m-s-branou-40x47-m-pvc-550-siva","status":"publish","type":"product","link":"https:\/\/www.lacnekontajnery.sk\/eshop\/produkt\/mobilna-garaz-8x12-m-s-branou-40x47-m-pvc-550-siva\/","title":{"rendered":"Mobiln\u00e1 gar\u00e1\u017e 8&#215;12 m s br\u00e1nou 4,0&#215;4,7 m, PVC 550 siv\u00e1"},"content":{"rendered":"<h5 id=\"tw-target-text\" class=\"tw-data-text tw-text-large XcVN5d tw-ta\" dir=\"ltr\" data-placeholder=\"Preklad\"><span lang=\"sk\">T\u00e1to stanov\u00e1 gar\u00e1\u017e sa vyzna\u010duje obzvl\u00e1\u0161\u0165 \u0165a\u017ek\u00fdm kon\u0161truk\u010dn\u00fdm profilom, ktor\u00fd je vystu\u017een\u00fd a\u017e 6-kr\u00e1t a zaru\u010duje tak maxim\u00e1lnu stabilitu. V\u0161etky nohy s\u00fa navy\u0161e pripevnen\u00e9 k zemi na extra ve\u013ek\u00fdch stupa\u010dk\u00e1ch. Vysoko kvalitn\u00e1 plachta z PVC s hmotnos\u0165ou asi 550 g \/ m\u00b2 a plo\u0161nou text\u00edliou z mrie\u017eky odolnej proti roztrhnutiu je pevne pripevnen\u00e1 k kon\u0161trukcii pomocou \u0161peci\u00e1lneho nap\u00ednacieho syst\u00e9mu. Strecha a bo\u010dn\u00e1 plachta s\u00fa zlo\u017een\u00e9 z jedn\u00e9ho kusu a poskytuj\u00fa tak \u010fal\u0161iu stabilitu. Plachta je vyrovnan\u00e1 a napnut\u00e1 integrovan\u00fdm nap\u00ednac\u00edm syst\u00e9mom. Bez probl\u00e9mov je mo\u017en\u00e9 aj neskor\u0161ie nastavenie plachty. \u0160t\u00edtov\u00e9 steny maj\u00fa ka\u017ed\u00fd vchod, ktor\u00fd je mo\u017en\u00e9 upevni\u0165 v dvoch v\u00fd\u0161kach pomocou troch robustn\u00fdch zipsov. Zabudovan\u00e9 ventila\u010dn\u00e9 klapky podporuj\u00fa \u00fa\u010dinn\u00fa cirkul\u00e1ciu vzduchu a zabra\u0148uj\u00fa hromadeniu vlhkosti.<\/span><\/h5>\n<p><img decoding=\"async\" class=\"img-border img-fluid aligncenter\" src=\"https:\/\/www.profizelt24.de\/media\/IMG-AMZ\/AMZ_0800x1200x400_WIKI.jpg\" \/><\/p>\n","protected":false},"excerpt":{"rendered":"<div class=\"QmZWSe\">\n<p>&nbsp;<\/p>\n<\/div>\n<div class=\"oSioSc\">\n<div id=\"tw-target\">\n<div id=\"kAz1tf\" class=\"g9WsWb\">\n<div id=\"tw-target-text-container\" class=\"tw-ta-container hide-focus-ring tw-nfl\" tabindex=\"0\">\n<ul>\n<li id=\"tw-target-text\" class=\"tw-data-text tw-text-large XcVN5d tw-ta\" dir=\"ltr\" data-placeholder=\"Preklad\"><span lang=\"sk\">Dizajn plochej sedlovej strechy s vysok\u00fdmi stranami pre mimoriadne ve\u013ek\u00e9 priechody <\/span><\/li>\n<li class=\"tw-data-text tw-text-large XcVN5d tw-ta\" dir=\"ltr\" data-placeholder=\"Preklad\"><span lang=\"sk\">Mimoriadne siln\u00fd ov\u00e1lny profil r\u00fary vyroben\u00fd z pozinkovanej ocele 2 ve\u013ek\u00e9 br\u00e1ny s dvojit\u00fdm zipsom na oboch \u0161t\u00edtov\u00fdch stran\u00e1ch<\/span><\/li>\n<li class=\"tw-data-text tw-text-large XcVN5d tw-ta\" dir=\"ltr\" data-placeholder=\"Preklad\"><span lang=\"sk\"> Mimoriadne stabiln\u00fd v\u010faka ve\u013ek\u00fdm z\u00e1kladn\u00fdm dosk\u00e1m<\/span><\/li>\n<\/ul>\n<\/div>\n<\/div>\n<\/div>\n<\/div>\n","protected":false},"featured_media":1052,"comment_status":"open","ping_status":"closed","template":"","meta":{"_monsterinsights_skip_tracking":false,"_monsterinsights_sitenote_active":false,"_monsterinsights_sitenote_note":"","_monsterinsights_sitenote_category":0},"product_cat":[18],"product_tag":[],"yoast_head":"<!-- This site is optimized with the Yoast SEO plugin v21.9 - https:\/\/yoast.com\/wordpress\/plugins\/seo\/ -->\n<title>Mobiln\u00e1 gar\u00e1\u017e 8x12 m s br\u00e1nou 4,0x4,7 m, PVC 550 siv\u00e1 - Profisklad- najlacnej\u0161ie rie\u0161enie pre V\u00e1\u0161 sklad<\/title>\n<meta name=\"description\" content=\"Plachta z PVC s hr\u00fabkou 550g\/m\u00b2 je podobn\u00e1 ako plachta pre n\u00e1kladn\u00e9 vozidl\u00e1. V\u010faka integrovanej vn\u00fatornej text\u00edlii je plachta z PVC mimoriadne odoln\u00e1\" \/>\n<meta name=\"robots\" content=\"index, follow, max-snippet:-1, max-image-preview:large, max-video-preview:-1\" \/>\n<link rel=\"canonical\" href=\"https:\/\/www.lacnekontajnery.sk\/eshop\/produkt\/mobilna-garaz-8x12-m-s-branou-40x47-m-pvc-550-siva\/\" \/>\n<meta property=\"og:locale\" content=\"sk_SK\" \/>\n<meta property=\"og:type\" content=\"article\" \/>\n<meta property=\"og:title\" content=\"Mobiln\u00e1 gar\u00e1\u017e 8x12 m s br\u00e1nou 4,0x4,7 m, PVC 550 siv\u00e1 - Profisklad- najlacnej\u0161ie rie\u0161enie pre V\u00e1\u0161 sklad\" \/>\n<meta property=\"og:description\" content=\"Plachta z PVC s hr\u00fabkou 550g\/m\u00b2 je podobn\u00e1 ako plachta pre n\u00e1kladn\u00e9 vozidl\u00e1. V\u010faka integrovanej vn\u00fatornej text\u00edlii je plachta z PVC mimoriadne odoln\u00e1\" \/>\n<meta property=\"og:url\" content=\"https:\/\/www.lacnekontajnery.sk\/eshop\/produkt\/mobilna-garaz-8x12-m-s-branou-40x47-m-pvc-550-siva\/\" \/>\n<meta property=\"og:site_name\" content=\"Profisklad- najlacnej\u0161ie rie\u0161enie pre V\u00e1\u0161 sklad\" \/>\n<meta property=\"article:modified_time\" content=\"2022-11-13T15:43:13+00:00\" \/>\n<meta property=\"og:image\" content=\"https:\/\/www.lacnekontajnery.sk\/eshop\/wp-content\/uploads\/2020\/12\/ReQP8Ny1tS-compress.jpg\" \/>\n\t<meta property=\"og:image:width\" content=\"868\" \/>\n\t<meta property=\"og:image:height\" content=\"652\" \/>\n\t<meta property=\"og:image:type\" content=\"image\/jpeg\" \/>\n<meta name=\"twitter:card\" content=\"summary_large_image\" \/>\n<meta name=\"twitter:label1\" content=\"Predpokladan\u00fd \u010das \u010d\u00edtania\" \/>\n\t<meta name=\"twitter:data1\" content=\"1 min\u00fata\" \/>\n<script type=\"application\/ld+json\" class=\"yoast-schema-graph\">{\"@context\":\"https:\/\/schema.org\",\"@graph\":[{\"@type\":\"WebPage\",\"@id\":\"https:\/\/www.lacnekontajnery.sk\/eshop\/produkt\/mobilna-garaz-8x12-m-s-branou-40x47-m-pvc-550-siva\/\",\"url\":\"https:\/\/www.lacnekontajnery.sk\/eshop\/produkt\/mobilna-garaz-8x12-m-s-branou-40x47-m-pvc-550-siva\/\",\"name\":\"Mobiln\u00e1 gar\u00e1\u017e 8x12 m s br\u00e1nou 4,0x4,7 m, PVC 550 siv\u00e1 - Profisklad- najlacnej\u0161ie rie\u0161enie pre V\u00e1\u0161 sklad\",\"isPartOf\":{\"@id\":\"https:\/\/www.lacnekontajnery.sk\/eshop\/#website\"},\"datePublished\":\"2020-12-13T12:29:27+00:00\",\"dateModified\":\"2022-11-13T15:43:13+00:00\",\"description\":\"Plachta z PVC s hr\u00fabkou 550g\/m\u00b2 je podobn\u00e1 ako plachta pre n\u00e1kladn\u00e9 vozidl\u00e1. V\u010faka integrovanej vn\u00fatornej text\u00edlii je plachta z PVC mimoriadne odoln\u00e1\",\"breadcrumb\":{\"@id\":\"https:\/\/www.lacnekontajnery.sk\/eshop\/produkt\/mobilna-garaz-8x12-m-s-branou-40x47-m-pvc-550-siva\/#breadcrumb\"},\"inLanguage\":\"sk-SK\",\"potentialAction\":[{\"@type\":\"ReadAction\",\"target\":[\"https:\/\/www.lacnekontajnery.sk\/eshop\/produkt\/mobilna-garaz-8x12-m-s-branou-40x47-m-pvc-550-siva\/\"]}]},{\"@type\":\"BreadcrumbList\",\"@id\":\"https:\/\/www.lacnekontajnery.sk\/eshop\/produkt\/mobilna-garaz-8x12-m-s-branou-40x47-m-pvc-550-siva\/#breadcrumb\",\"itemListElement\":[{\"@type\":\"ListItem\",\"position\":1,\"name\":\"Home\",\"item\":\"https:\/\/www.lacnekontajnery.sk\/eshop\/\"},{\"@type\":\"ListItem\",\"position\":2,\"name\":\"Obchod\",\"item\":\"https:\/\/www.lacnekontajnery.sk\/eshop\/obchod\/\"},{\"@type\":\"ListItem\",\"position\":3,\"name\":\"Mobiln\u00e1 gar\u00e1\u017e 8&#215;12 m s br\u00e1nou 4,0&#215;4,7 m, PVC 550 siv\u00e1\"}]},{\"@type\":\"WebSite\",\"@id\":\"https:\/\/www.lacnekontajnery.sk\/eshop\/#website\",\"url\":\"https:\/\/www.lacnekontajnery.sk\/eshop\/\",\"name\":\"Profisklad- najlacnej\u0161ie rie\u0161enie pre V\u00e1\u0161 sklad\",\"description\":\"Profesion\u00e1lne sklady\",\"publisher\":{\"@id\":\"https:\/\/www.lacnekontajnery.sk\/eshop\/#organization\"},\"potentialAction\":[{\"@type\":\"SearchAction\",\"target\":{\"@type\":\"EntryPoint\",\"urlTemplate\":\"https:\/\/www.lacnekontajnery.sk\/eshop\/?s={search_term_string}\"},\"query-input\":\"required name=search_term_string\"}],\"inLanguage\":\"sk-SK\"},{\"@type\":\"Organization\",\"@id\":\"https:\/\/www.lacnekontajnery.sk\/eshop\/#organization\",\"name\":\"Profisklad- r\u00fdchle a lacn\u00e9 skladovanie\",\"url\":\"https:\/\/www.lacnekontajnery.sk\/eshop\/\",\"logo\":{\"@type\":\"ImageObject\",\"inLanguage\":\"sk-SK\",\"@id\":\"https:\/\/www.lacnekontajnery.sk\/eshop\/#\/schema\/logo\/image\/\",\"url\":\"https:\/\/www.lacnekontajnery.sk\/eshop\/wp-content\/uploads\/2020\/07\/facebook_cover_photo_1.png\",\"contentUrl\":\"https:\/\/www.lacnekontajnery.sk\/eshop\/wp-content\/uploads\/2020\/07\/facebook_cover_photo_1.png\",\"width\":1640,\"height\":624,\"caption\":\"Profisklad- r\u00fdchle a lacn\u00e9 skladovanie\"},\"image\":{\"@id\":\"https:\/\/www.lacnekontajnery.sk\/eshop\/#\/schema\/logo\/image\/\"}}]}<\/script>\n<!-- \/ Yoast SEO plugin. -->","yoast_head_json":{"title":"Mobiln\u00e1 gar\u00e1\u017e 8x12 m s br\u00e1nou 4,0x4,7 m, PVC 550 siv\u00e1 - Profisklad- najlacnej\u0161ie rie\u0161enie pre V\u00e1\u0161 sklad","description":"Plachta z PVC s hr\u00fabkou 550g\/m\u00b2 je podobn\u00e1 ako plachta pre n\u00e1kladn\u00e9 vozidl\u00e1. V\u010faka integrovanej vn\u00fatornej text\u00edlii je plachta z PVC mimoriadne odoln\u00e1","robots":{"index":"index","follow":"follow","max-snippet":"max-snippet:-1","max-image-preview":"max-image-preview:large","max-video-preview":"max-video-preview:-1"},"canonical":"https:\/\/www.lacnekontajnery.sk\/eshop\/produkt\/mobilna-garaz-8x12-m-s-branou-40x47-m-pvc-550-siva\/","og_locale":"sk_SK","og_type":"article","og_title":"Mobiln\u00e1 gar\u00e1\u017e 8x12 m s br\u00e1nou 4,0x4,7 m, PVC 550 siv\u00e1 - Profisklad- najlacnej\u0161ie rie\u0161enie pre V\u00e1\u0161 sklad","og_description":"Plachta z PVC s hr\u00fabkou 550g\/m\u00b2 je podobn\u00e1 ako plachta pre n\u00e1kladn\u00e9 vozidl\u00e1. V\u010faka integrovanej vn\u00fatornej text\u00edlii je plachta z PVC mimoriadne odoln\u00e1","og_url":"https:\/\/www.lacnekontajnery.sk\/eshop\/produkt\/mobilna-garaz-8x12-m-s-branou-40x47-m-pvc-550-siva\/","og_site_name":"Profisklad- najlacnej\u0161ie rie\u0161enie pre V\u00e1\u0161 sklad","article_modified_time":"2022-11-13T15:43:13+00:00","og_image":[{"width":868,"height":652,"url":"https:\/\/www.lacnekontajnery.sk\/eshop\/wp-content\/uploads\/2020\/12\/ReQP8Ny1tS-compress.jpg","type":"image\/jpeg"}],"twitter_card":"summary_large_image","twitter_misc":{"Predpokladan\u00fd \u010das \u010d\u00edtania":"1 min\u00fata"},"schema":{"@context":"https:\/\/schema.org","@graph":[{"@type":"WebPage","@id":"https:\/\/www.lacnekontajnery.sk\/eshop\/produkt\/mobilna-garaz-8x12-m-s-branou-40x47-m-pvc-550-siva\/","url":"https:\/\/www.lacnekontajnery.sk\/eshop\/produkt\/mobilna-garaz-8x12-m-s-branou-40x47-m-pvc-550-siva\/","name":"Mobiln\u00e1 gar\u00e1\u017e 8x12 m s br\u00e1nou 4,0x4,7 m, PVC 550 siv\u00e1 - Profisklad- najlacnej\u0161ie rie\u0161enie pre V\u00e1\u0161 sklad","isPartOf":{"@id":"https:\/\/www.lacnekontajnery.sk\/eshop\/#website"},"datePublished":"2020-12-13T12:29:27+00:00","dateModified":"2022-11-13T15:43:13+00:00","description":"Plachta z PVC s hr\u00fabkou 550g\/m\u00b2 je podobn\u00e1 ako plachta pre n\u00e1kladn\u00e9 vozidl\u00e1. V\u010faka integrovanej vn\u00fatornej text\u00edlii je plachta z PVC mimoriadne odoln\u00e1","breadcrumb":{"@id":"https:\/\/www.lacnekontajnery.sk\/eshop\/produkt\/mobilna-garaz-8x12-m-s-branou-40x47-m-pvc-550-siva\/#breadcrumb"},"inLanguage":"sk-SK","potentialAction":[{"@type":"ReadAction","target":["https:\/\/www.lacnekontajnery.sk\/eshop\/produkt\/mobilna-garaz-8x12-m-s-branou-40x47-m-pvc-550-siva\/"]}]},{"@type":"BreadcrumbList","@id":"https:\/\/www.lacnekontajnery.sk\/eshop\/produkt\/mobilna-garaz-8x12-m-s-branou-40x47-m-pvc-550-siva\/#breadcrumb","itemListElement":[{"@type":"ListItem","position":1,"name":"Home","item":"https:\/\/www.lacnekontajnery.sk\/eshop\/"},{"@type":"ListItem","position":2,"name":"Obchod","item":"https:\/\/www.lacnekontajnery.sk\/eshop\/obchod\/"},{"@type":"ListItem","position":3,"name":"Mobiln\u00e1 gar\u00e1\u017e 8&#215;12 m s br\u00e1nou 4,0&#215;4,7 m, PVC 550 siv\u00e1"}]},{"@type":"WebSite","@id":"https:\/\/www.lacnekontajnery.sk\/eshop\/#website","url":"https:\/\/www.lacnekontajnery.sk\/eshop\/","name":"Profisklad- najlacnej\u0161ie rie\u0161enie pre V\u00e1\u0161 sklad","description":"Profesion\u00e1lne sklady","publisher":{"@id":"https:\/\/www.lacnekontajnery.sk\/eshop\/#organization"},"potentialAction":[{"@type":"SearchAction","target":{"@type":"EntryPoint","urlTemplate":"https:\/\/www.lacnekontajnery.sk\/eshop\/?s={search_term_string}"},"query-input":"required name=search_term_string"}],"inLanguage":"sk-SK"},{"@type":"Organization","@id":"https:\/\/www.lacnekontajnery.sk\/eshop\/#organization","name":"Profisklad- r\u00fdchle a lacn\u00e9 skladovanie","url":"https:\/\/www.lacnekontajnery.sk\/eshop\/","logo":{"@type":"ImageObject","inLanguage":"sk-SK","@id":"https:\/\/www.lacnekontajnery.sk\/eshop\/#\/schema\/logo\/image\/","url":"https:\/\/www.lacnekontajnery.sk\/eshop\/wp-content\/uploads\/2020\/07\/facebook_cover_photo_1.png","contentUrl":"https:\/\/www.lacnekontajnery.sk\/eshop\/wp-content\/uploads\/2020\/07\/facebook_cover_photo_1.png","width":1640,"height":624,"caption":"Profisklad- r\u00fdchle a lacn\u00e9 skladovanie"},"image":{"@id":"https:\/\/www.lacnekontajnery.sk\/eshop\/#\/schema\/logo\/image\/"}}]}},"jetpack_sharing_enabled":true,"_links":{"self":[{"href":"https:\/\/www.lacnekontajnery.sk\/eshop\/wp-json\/wp\/v2\/product\/1049"}],"collection":[{"href":"https:\/\/www.lacnekontajnery.sk\/eshop\/wp-json\/wp\/v2\/product"}],"about":[{"href":"https:\/\/www.lacnekontajnery.sk\/eshop\/wp-json\/wp\/v2\/types\/product"}],"replies":[{"embeddable":true,"href":"https:\/\/www.lacnekontajnery.sk\/eshop\/wp-json\/wp\/v2\/comments?post=1049"}],"wp:featuredmedia":[{"embeddable":true,"href":"https:\/\/www.lacnekontajnery.sk\/eshop\/wp-json\/wp\/v2\/media\/1052"}],"wp:attachment":[{"href":"https:\/\/www.lacnekontajnery.sk\/eshop\/wp-json\/wp\/v2\/media?parent=1049"}],"wp:term":[{"taxonomy":"product_cat","embeddable":true,"href":"https:\/\/www.lacnekontajnery.sk\/eshop\/wp-json\/wp\/v2\/product_cat?post=1049"},{"taxonomy":"product_tag","embeddable":true,"href":"https:\/\/www.lacnekontajnery.sk\/eshop\/wp-json\/wp\/v2\/product_tag?post=1049"}],"curies":[{"name":"wp","href":"https:\/\/api.w.org\/{rel}","templated":true}]}}