{"id":1055,"date":"2020-12-30T09:31:12","date_gmt":"2020-12-30T08:31:12","guid":{"rendered":"https:\/\/www.lacnekontajnery.sk\/eshop\/?post_type=product&#038;p=1055"},"modified":"2022-06-20T14:41:38","modified_gmt":"2022-06-20T12:41:38","slug":"hala-s-hrebenovou-konstrukciou-12x20-ms-branou-473x53-m-vzdialenost-noh-1m-720g-m2","status":"publish","type":"product","link":"https:\/\/www.lacnekontajnery.sk\/eshop\/produkt\/hala-s-hrebenovou-konstrukciou-12x20-ms-branou-473x53-m-vzdialenost-noh-1m-720g-m2\/","title":{"rendered":"Hala s hrebe\u0148ovou kon\u0161trukciou, 12&#215;20 ms br\u00e1nou 4,73&#215;5,3 m &#8211; vzdialenos\u0165 n\u00f4h 2m 720g\/m2"},"content":{"rendered":"<p class=\"tw-data-text tw-text-large XcVN5d tw-ta\" dir=\"ltr\" data-placeholder=\"Preklad\"><span lang=\"sk\">Vzdialenos\u0165 medzi nosn\u00edkmi je 1 m. Ako nepremokav\u00fd materi\u00e1l sa pou\u017e\u00edva najmodernej\u0161\u00ed odlievac\u00ed materi\u00e1l vyroben\u00fd z PVC. Tento \u0165a\u017ek\u00fd PVC materi\u00e1l s hmotnos\u0165ou cca 720 g \/ m\u00b2 je odoln\u00fd proti poveternostn\u00fdm vplyvom a vydr\u017e\u00ed extr\u00e9mne kol\u00edsanie teploty od -30 do +50 stup\u0148ov Celzia. Je 9-kr\u00e1t odolnej\u0161ia vo\u010di roztrhnutiu ako be\u017en\u00fd PVC materi\u00e1l. Trojdielna nepremokav\u00e1 plachta sa sklad\u00e1 z nepretr\u017eitej stre\u0161nej nepremokavej plachty, ktor\u00e1 vedie po stran\u00e1ch a z dvoch \u0161t\u00edtov\u00fdch stien. Ka\u017ed\u00e1 stena \u0161t\u00edtu m\u00e1 ve\u013ek\u00fd vstupn\u00fd otvor, ktor\u00fd je mo\u017en\u00e9 mechanicky otvori\u0165, a vstup pre osoby so zipsami. Nepremokav\u00e9 plachty s\u00fa pevne pripevnen\u00e9 k r\u00e1mu pomocou d\u00f4myseln\u00e9ho nap\u00ednacieho syst\u00e9mu. Zimn\u00e1 nepremokav\u00e1 stanov\u00e1 hala sa d\u00e1 pou\u017e\u00edva\u0165 po cel\u00fd rok a vyzna\u010duje sa vysokou \u017eivotnos\u0165ou a vynikaj\u00facou stabilitou &#8211; stabiln\u00e1 aj pri maxim\u00e1lnej nameranej sile vetra.\u00a0 <img decoding=\"async\" class=\"img-fluid img-border aligncenter\" src=\"https:\/\/www.profizelt24.de\/media\/IMG-AMZ\/AMZ_1200x2000x420_10_EVER_DBL.jpg\" \/><\/span><\/p>\n<div id=\"tw-target-text-container\" class=\"tw-ta-container hide-focus-ring tw-nfl\" tabindex=\"0\">\n<ul>\n<li id=\"tw-target-text\" class=\"tw-data-text tw-text-large XcVN5d tw-ta\" dir=\"ltr\" data-placeholder=\"Preklad\"><span lang=\"sk\">Plachta: pribli\u017ene 720 g \/ m\u00b2; 100% PVC \u00d8 oce\u013eov\u00e9 r\u00fary vertik\u00e1lne: pribli\u017ene 76 mm horizont\u00e1lne: pribli\u017ene 60 mm <\/span><\/li>\n<li class=\"tw-data-text tw-text-large XcVN5d tw-ta\" dir=\"ltr\" data-placeholder=\"Preklad\"><span lang=\"sk\">R\u00fary s hr\u00fabkou steny vertik\u00e1lne: pribli\u017ene 2,0 mm horizont\u00e1lne: pribli\u017ene 1,6 mm <\/span><\/li>\n<li class=\"tw-data-text tw-text-large XcVN5d tw-ta\" dir=\"ltr\" data-placeholder=\"Preklad\"><span lang=\"sk\">Oce\u013eov\u00e1 spojka \u00d8: pribli\u017ene 76 mm Hr\u00fabka steny: cca 2,0 mm Traverza s prie\u010dnou vzperou \u00d8: pribli\u017ene 34 mm <\/span><\/li>\n<li class=\"tw-data-text tw-text-large XcVN5d tw-ta\" dir=\"ltr\" data-placeholder=\"Preklad\"><span lang=\"sk\">Hr\u00fabka steny: pribli\u017ene 1,4 mm odoln\u00fd proti poveternostn\u00fdm vplyvom <\/span><\/li>\n<li class=\"tw-data-text tw-text-large XcVN5d tw-ta\" dir=\"ltr\" data-placeholder=\"Preklad\"><span lang=\"sk\">Za\u0165a\u017eenie snehom * 5): pribli\u017ene 204 kg \/ m\u00b2 * 5)<\/span><\/li>\n<li class=\"tw-data-text tw-text-large XcVN5d tw-ta\" dir=\"ltr\" data-placeholder=\"Preklad\"><span lang=\"sk\">100% vodotesnos\u0165: \u00e1no<\/span><\/li>\n<li class=\"tw-data-text tw-text-large XcVN5d tw-ta\" dir=\"ltr\" data-placeholder=\"Preklad\"><span lang=\"sk\">Odoln\u00e9 proti UV \u017eiareniu: \u00e1no <\/span><\/li>\n<li class=\"tw-data-text tw-text-large XcVN5d tw-ta\" dir=\"ltr\" data-placeholder=\"Preklad\"><span lang=\"sk\">Faktor ochrany pred UV: 80+ <\/span><\/li>\n<li class=\"tw-data-text tw-text-large XcVN5d tw-ta\" dir=\"ltr\" data-placeholder=\"Preklad\"><span lang=\"sk\">Oh\u0148ovzdorn\u00e9: \u00e1no <\/span><\/li>\n<li class=\"tw-data-text tw-text-large XcVN5d tw-ta\" dir=\"ltr\" data-placeholder=\"Preklad\"><span lang=\"sk\">Teplotn\u00e1 odolnos\u0165: -30 a\u017e +50 stup\u0148ov Celzia<\/span><\/li>\n<li class=\"tw-data-text tw-text-large XcVN5d tw-ta\" dir=\"ltr\" data-placeholder=\"Preklad\"><span lang=\"sk\">Rozmery v\u00fdrobku \u0160\u00edrka: pribli\u017ene 12,00 m D\u013a\u017eka: pribli\u017ene 20,00 m V\u00fd\u0161ka o\u010d\u00ed: pribli\u017ene 4,20 m V\u00fd\u0161ka hrebe\u0148a: pribli\u017ene 7,6 m \u0160 x V br\u00e1na 1: pribli\u017ene 4,73 x 5,3 m \u0160 x V br\u00e1na 2: pribli\u017ene 4,73 x 5,3 m \u0160xV osobn\u00fd vchod: cca 1,5 x 2,0 m<\/span><\/li>\n<\/ul>\n<div class=\"QmZWSe\">\n<div class=\"DHcWmd\"><\/div>\n<\/div>\n<div class=\"oSioSc\">\n<div id=\"tw-target\">\n<div id=\"kAz1tf\" class=\"g9WsWb\">\n<div id=\"tw-target-text-container\" class=\"tw-ta-container hide-focus-ring tw-nfl\" tabindex=\"0\">\n<p id=\"tw-target-text\" class=\"tw-data-text tw-text-large XcVN5d tw-ta\" dir=\"ltr\" data-placeholder=\"Preklad\"><span lang=\"sk\"><strong>Kon\u0161trukcia haly EVEREST<\/strong> zaru\u010duje vysok\u00fa stabilitu aj pri extr\u00e9mnom za\u0165a\u017een\u00ed. Vyzna\u010duje sa \u017eiarovo zinkovanou oce\u013eovou ty\u010dou bez kor\u00f3zie &#8211; s 10-ro\u010dnou z\u00e1rukou na hrdzu. Priehradov\u00e9 nosn\u00edky s rozp\u00e4t\u00edm 12 m s\u00fa umiestnen\u00e9 vo vzdialenosti 1 ma v z\u00e1vislosti od povrchu s\u00fa bezpe\u010dne pripevnen\u00e9 k podlahe pomocou vhodn\u00e9ho kotviaceho syst\u00e9mu. Na no\u017en\u00fdch dosk\u00e1ch s\u00fa ra\u010dne, ktor\u00e9 nap\u00ednaj\u00fa strechov\u00fa plachtu po stran\u00e1ch. Dodato\u010dn\u00e1 ochrana b\u00farkov\u00fdmi p\u00e1smi nie je potrebn\u00e1. V\u0161etky komponenty s\u00fa bezpe\u010dne zoskrutkovan\u00e9 pomocou skrutiek s gu\u013eatou hlavou a samosvorn\u00fdch mat\u00edc. Kon\u0161trukcia sa vyzna\u010duje vysokou \u017eivotnos\u0165ou &#8211; a je stabiln\u00e1 aj pri maxim\u00e1lnych nameran\u00fdch sil\u00e1ch vetra.<\/span><\/p>\n<p dir=\"ltr\" data-placeholder=\"Preklad\"><img decoding=\"async\" loading=\"lazy\" class=\"img-fluid aligncenter\" src=\"https:\/\/cdn.profizelt24.de\/media\/IMG-DTX\/DE\/EVER_STAT.jpg\" width=\"192\" height=\"144\" \/><\/p>\n<\/div>\n<\/div>\n<\/div>\n<\/div>\n<\/div>\n<p id=\"tw-target-text\" class=\"tw-data-text tw-text-large XcVN5d tw-ta\" dir=\"ltr\" data-placeholder=\"Preklad\"><span lang=\"sk\"><img decoding=\"async\" loading=\"lazy\" class=\"img-fluid aligncenter\" src=\"https:\/\/cdn.profizelt24.de\/media\/IMG-DTX\/DE\/OUTL_EVER_AUFB_1_C2.jpg\" alt=\"\" width=\"310\" height=\"233\" \/><\/span><\/p>\n<p id=\"tw-target-text\" class=\"tw-data-text tw-text-large XcVN5d tw-ta\" dir=\"ltr\" data-placeholder=\"Preklad\"><span lang=\"sk\">\u00a0<\/span><\/p>\n<p>&nbsp;<\/p>\n<div id=\"tw-target-text-container\" class=\"tw-ta-container hide-focus-ring tw-nfl\" tabindex=\"0\">\n<div class=\"oSioSc\">\n<div id=\"tw-target\">\n<div id=\"kAz1tf\" class=\"g9WsWb\">\n<div id=\"tw-target-text-container\" class=\"tw-ta-container hide-focus-ring tw-nfl\" tabindex=\"0\">\n<p>&nbsp;<\/p>\n<p>&nbsp;<\/p>\n<\/div>\n<\/div>\n<\/div>\n<\/div>\n<\/div>\n","protected":false},"excerpt":{"rendered":"<div class=\"QmZWSe\">\n<div class=\"DHcWmd\">\n<div id=\"tw-target\">\n<div id=\"kAz1tf\" class=\"g9WsWb\">\n<div id=\"tw-target-text-container\" class=\"tw-ta-container hide-focus-ring tw-nfl\" tabindex=\"0\">\n<p id=\"tw-target-text\" class=\"tw-data-text tw-text-large XcVN5d tw-ta\" dir=\"ltr\" data-placeholder=\"Preklad\"><span lang=\"sk\">T\u00e1to hala <strong>EVEREST<\/strong> s rozp\u00e4t\u00edm 12 ma v\u00fd\u0161kou hrebe\u0148a 7,6 m m\u00e1 nosn\u00edky podpery obzvl\u00e1\u0161\u0165 ve\u013ek\u00fa nosnos\u0165. Oce\u013eov\u00e1 kon\u0161trukcia pozost\u00e1va z \u017eiarovo zinkovan\u00fdch antikor\u00f3znych oce\u013eov\u00fdch komponentov. Priehradov\u00e9 nosn\u00edky pozost\u00e1vaj\u00fa z dvoch r\u00farok a s\u00fa navz\u00e1jom spojen\u00e9 nieko\u013ek\u00fdmi prie\u010dnymi vzperami.<\/span><\/p>\n<p id=\"tw-target-text\" class=\"tw-data-text tw-text-large XcVN5d tw-ta\" dir=\"ltr\" data-placeholder=\"Preklad\"><span lang=\"sk\">\u00a0<\/span><\/p>\n<p id=\"tw-target-text\" class=\"tw-data-text tw-text-large XcVN5d tw-ta\" dir=\"ltr\" data-placeholder=\"Preklad\"><span lang=\"sk\">\u00a0<\/span><\/p>\n<\/div>\n<\/div>\n<\/div>\n<\/div>\n<\/div>\n<p>&nbsp;<\/p>\n","protected":false},"featured_media":1058,"comment_status":"open","ping_status":"closed","template":"","meta":{"_monsterinsights_skip_tracking":false,"_monsterinsights_sitenote_active":false,"_monsterinsights_sitenote_note":"","_monsterinsights_sitenote_category":0},"product_cat":[19],"product_tag":[],"yoast_head":"<!-- This site is optimized with the Yoast SEO plugin v21.9 - https:\/\/yoast.com\/wordpress\/plugins\/seo\/ -->\n<title>Hala s hrebe\u0148ovou kon\u0161trukciou, 12x20 ms br\u00e1nou 4,73x5,3 m - vzdialenos\u0165 n\u00f4h 2m 720g\/m2 - Profisklad- najlacnej\u0161ie rie\u0161enie pre V\u00e1\u0161 sklad<\/title>\n<meta name=\"description\" content=\"Klenut\u00e1 hala s garanciou z\u00e1ruky a\u017e 15 rokov. Pevn\u00e1 stabiln\u00e1 a mohutn\u00e1 kon\u0161trukcia vhodn\u00e1 na uskladnenie materi\u00e1lu. Bielej farby.\" \/>\n<meta name=\"robots\" content=\"index, follow, max-snippet:-1, max-image-preview:large, max-video-preview:-1\" \/>\n<link rel=\"canonical\" href=\"https:\/\/www.lacnekontajnery.sk\/eshop\/produkt\/hala-s-hrebenovou-konstrukciou-12x20-ms-branou-473x53-m-vzdialenost-noh-1m-720g-m2\/\" \/>\n<meta property=\"og:locale\" content=\"sk_SK\" \/>\n<meta property=\"og:type\" content=\"article\" \/>\n<meta property=\"og:title\" content=\"Hala s hrebe\u0148ovou kon\u0161trukciou, 12x20 ms br\u00e1nou 4,73x5,3 m - vzdialenos\u0165 n\u00f4h 2m 720g\/m2 - Profisklad- najlacnej\u0161ie rie\u0161enie pre V\u00e1\u0161 sklad\" \/>\n<meta property=\"og:description\" content=\"Klenut\u00e1 hala s garanciou z\u00e1ruky a\u017e 15 rokov. Pevn\u00e1 stabiln\u00e1 a mohutn\u00e1 kon\u0161trukcia vhodn\u00e1 na uskladnenie materi\u00e1lu. Bielej farby.\" \/>\n<meta property=\"og:url\" content=\"https:\/\/www.lacnekontajnery.sk\/eshop\/produkt\/hala-s-hrebenovou-konstrukciou-12x20-ms-branou-473x53-m-vzdialenost-noh-1m-720g-m2\/\" \/>\n<meta property=\"og:site_name\" content=\"Profisklad- najlacnej\u0161ie rie\u0161enie pre V\u00e1\u0161 sklad\" \/>\n<meta property=\"article:modified_time\" content=\"2022-06-20T12:41:38+00:00\" \/>\n<meta property=\"og:image\" content=\"https:\/\/www.lacnekontajnery.sk\/eshop\/wp-content\/uploads\/2020\/07\/9K8b4fStwp-compress.jpg\" \/>\n\t<meta property=\"og:image:width\" content=\"800\" \/>\n\t<meta property=\"og:image:height\" content=\"600\" \/>\n\t<meta property=\"og:image:type\" content=\"image\/jpeg\" \/>\n<meta name=\"twitter:card\" content=\"summary_large_image\" \/>\n<meta name=\"twitter:label1\" content=\"Predpokladan\u00fd \u010das \u010d\u00edtania\" \/>\n\t<meta name=\"twitter:data1\" content=\"2 min\u00faty\" \/>\n<script type=\"application\/ld+json\" class=\"yoast-schema-graph\">{\"@context\":\"https:\/\/schema.org\",\"@graph\":[{\"@type\":\"WebPage\",\"@id\":\"https:\/\/www.lacnekontajnery.sk\/eshop\/produkt\/hala-s-hrebenovou-konstrukciou-12x20-ms-branou-473x53-m-vzdialenost-noh-1m-720g-m2\/\",\"url\":\"https:\/\/www.lacnekontajnery.sk\/eshop\/produkt\/hala-s-hrebenovou-konstrukciou-12x20-ms-branou-473x53-m-vzdialenost-noh-1m-720g-m2\/\",\"name\":\"Hala s hrebe\u0148ovou kon\u0161trukciou, 12x20 ms br\u00e1nou 4,73x5,3 m - vzdialenos\u0165 n\u00f4h 2m 720g\/m2 - Profisklad- najlacnej\u0161ie rie\u0161enie pre V\u00e1\u0161 sklad\",\"isPartOf\":{\"@id\":\"https:\/\/www.lacnekontajnery.sk\/eshop\/#website\"},\"datePublished\":\"2020-12-30T08:31:12+00:00\",\"dateModified\":\"2022-06-20T12:41:38+00:00\",\"description\":\"Klenut\u00e1 hala s garanciou z\u00e1ruky a\u017e 15 rokov. Pevn\u00e1 stabiln\u00e1 a mohutn\u00e1 kon\u0161trukcia vhodn\u00e1 na uskladnenie materi\u00e1lu. Bielej farby.\",\"breadcrumb\":{\"@id\":\"https:\/\/www.lacnekontajnery.sk\/eshop\/produkt\/hala-s-hrebenovou-konstrukciou-12x20-ms-branou-473x53-m-vzdialenost-noh-1m-720g-m2\/#breadcrumb\"},\"inLanguage\":\"sk-SK\",\"potentialAction\":[{\"@type\":\"ReadAction\",\"target\":[\"https:\/\/www.lacnekontajnery.sk\/eshop\/produkt\/hala-s-hrebenovou-konstrukciou-12x20-ms-branou-473x53-m-vzdialenost-noh-1m-720g-m2\/\"]}]},{\"@type\":\"BreadcrumbList\",\"@id\":\"https:\/\/www.lacnekontajnery.sk\/eshop\/produkt\/hala-s-hrebenovou-konstrukciou-12x20-ms-branou-473x53-m-vzdialenost-noh-1m-720g-m2\/#breadcrumb\",\"itemListElement\":[{\"@type\":\"ListItem\",\"position\":1,\"name\":\"Home\",\"item\":\"https:\/\/www.lacnekontajnery.sk\/eshop\/\"},{\"@type\":\"ListItem\",\"position\":2,\"name\":\"Obchod\",\"item\":\"https:\/\/www.lacnekontajnery.sk\/eshop\/obchod\/\"},{\"@type\":\"ListItem\",\"position\":3,\"name\":\"Hala s hrebe\u0148ovou kon\u0161trukciou, 12&#215;20 ms br\u00e1nou 4,73&#215;5,3 m &#8211; vzdialenos\u0165 n\u00f4h 2m 720g\/m2\"}]},{\"@type\":\"WebSite\",\"@id\":\"https:\/\/www.lacnekontajnery.sk\/eshop\/#website\",\"url\":\"https:\/\/www.lacnekontajnery.sk\/eshop\/\",\"name\":\"Profisklad- najlacnej\u0161ie rie\u0161enie pre V\u00e1\u0161 sklad\",\"description\":\"Profesion\u00e1lne sklady\",\"publisher\":{\"@id\":\"https:\/\/www.lacnekontajnery.sk\/eshop\/#organization\"},\"potentialAction\":[{\"@type\":\"SearchAction\",\"target\":{\"@type\":\"EntryPoint\",\"urlTemplate\":\"https:\/\/www.lacnekontajnery.sk\/eshop\/?s={search_term_string}\"},\"query-input\":\"required name=search_term_string\"}],\"inLanguage\":\"sk-SK\"},{\"@type\":\"Organization\",\"@id\":\"https:\/\/www.lacnekontajnery.sk\/eshop\/#organization\",\"name\":\"Profisklad- r\u00fdchle a lacn\u00e9 skladovanie\",\"url\":\"https:\/\/www.lacnekontajnery.sk\/eshop\/\",\"logo\":{\"@type\":\"ImageObject\",\"inLanguage\":\"sk-SK\",\"@id\":\"https:\/\/www.lacnekontajnery.sk\/eshop\/#\/schema\/logo\/image\/\",\"url\":\"https:\/\/www.lacnekontajnery.sk\/eshop\/wp-content\/uploads\/2020\/07\/facebook_cover_photo_1.png\",\"contentUrl\":\"https:\/\/www.lacnekontajnery.sk\/eshop\/wp-content\/uploads\/2020\/07\/facebook_cover_photo_1.png\",\"width\":1640,\"height\":624,\"caption\":\"Profisklad- r\u00fdchle a lacn\u00e9 skladovanie\"},\"image\":{\"@id\":\"https:\/\/www.lacnekontajnery.sk\/eshop\/#\/schema\/logo\/image\/\"}}]}<\/script>\n<!-- \/ Yoast SEO plugin. -->","yoast_head_json":{"title":"Hala s hrebe\u0148ovou kon\u0161trukciou, 12x20 ms br\u00e1nou 4,73x5,3 m - vzdialenos\u0165 n\u00f4h 2m 720g\/m2 - Profisklad- najlacnej\u0161ie rie\u0161enie pre V\u00e1\u0161 sklad","description":"Klenut\u00e1 hala s garanciou z\u00e1ruky a\u017e 15 rokov. Pevn\u00e1 stabiln\u00e1 a mohutn\u00e1 kon\u0161trukcia vhodn\u00e1 na uskladnenie materi\u00e1lu. Bielej farby.","robots":{"index":"index","follow":"follow","max-snippet":"max-snippet:-1","max-image-preview":"max-image-preview:large","max-video-preview":"max-video-preview:-1"},"canonical":"https:\/\/www.lacnekontajnery.sk\/eshop\/produkt\/hala-s-hrebenovou-konstrukciou-12x20-ms-branou-473x53-m-vzdialenost-noh-1m-720g-m2\/","og_locale":"sk_SK","og_type":"article","og_title":"Hala s hrebe\u0148ovou kon\u0161trukciou, 12x20 ms br\u00e1nou 4,73x5,3 m - vzdialenos\u0165 n\u00f4h 2m 720g\/m2 - Profisklad- najlacnej\u0161ie rie\u0161enie pre V\u00e1\u0161 sklad","og_description":"Klenut\u00e1 hala s garanciou z\u00e1ruky a\u017e 15 rokov. Pevn\u00e1 stabiln\u00e1 a mohutn\u00e1 kon\u0161trukcia vhodn\u00e1 na uskladnenie materi\u00e1lu. Bielej farby.","og_url":"https:\/\/www.lacnekontajnery.sk\/eshop\/produkt\/hala-s-hrebenovou-konstrukciou-12x20-ms-branou-473x53-m-vzdialenost-noh-1m-720g-m2\/","og_site_name":"Profisklad- najlacnej\u0161ie rie\u0161enie pre V\u00e1\u0161 sklad","article_modified_time":"2022-06-20T12:41:38+00:00","og_image":[{"width":800,"height":600,"url":"https:\/\/www.lacnekontajnery.sk\/eshop\/wp-content\/uploads\/2020\/07\/9K8b4fStwp-compress.jpg","type":"image\/jpeg"}],"twitter_card":"summary_large_image","twitter_misc":{"Predpokladan\u00fd \u010das \u010d\u00edtania":"2 min\u00faty"},"schema":{"@context":"https:\/\/schema.org","@graph":[{"@type":"WebPage","@id":"https:\/\/www.lacnekontajnery.sk\/eshop\/produkt\/hala-s-hrebenovou-konstrukciou-12x20-ms-branou-473x53-m-vzdialenost-noh-1m-720g-m2\/","url":"https:\/\/www.lacnekontajnery.sk\/eshop\/produkt\/hala-s-hrebenovou-konstrukciou-12x20-ms-branou-473x53-m-vzdialenost-noh-1m-720g-m2\/","name":"Hala s hrebe\u0148ovou kon\u0161trukciou, 12x20 ms br\u00e1nou 4,73x5,3 m - vzdialenos\u0165 n\u00f4h 2m 720g\/m2 - Profisklad- najlacnej\u0161ie rie\u0161enie pre V\u00e1\u0161 sklad","isPartOf":{"@id":"https:\/\/www.lacnekontajnery.sk\/eshop\/#website"},"datePublished":"2020-12-30T08:31:12+00:00","dateModified":"2022-06-20T12:41:38+00:00","description":"Klenut\u00e1 hala s garanciou z\u00e1ruky a\u017e 15 rokov. Pevn\u00e1 stabiln\u00e1 a mohutn\u00e1 kon\u0161trukcia vhodn\u00e1 na uskladnenie materi\u00e1lu. Bielej farby.","breadcrumb":{"@id":"https:\/\/www.lacnekontajnery.sk\/eshop\/produkt\/hala-s-hrebenovou-konstrukciou-12x20-ms-branou-473x53-m-vzdialenost-noh-1m-720g-m2\/#breadcrumb"},"inLanguage":"sk-SK","potentialAction":[{"@type":"ReadAction","target":["https:\/\/www.lacnekontajnery.sk\/eshop\/produkt\/hala-s-hrebenovou-konstrukciou-12x20-ms-branou-473x53-m-vzdialenost-noh-1m-720g-m2\/"]}]},{"@type":"BreadcrumbList","@id":"https:\/\/www.lacnekontajnery.sk\/eshop\/produkt\/hala-s-hrebenovou-konstrukciou-12x20-ms-branou-473x53-m-vzdialenost-noh-1m-720g-m2\/#breadcrumb","itemListElement":[{"@type":"ListItem","position":1,"name":"Home","item":"https:\/\/www.lacnekontajnery.sk\/eshop\/"},{"@type":"ListItem","position":2,"name":"Obchod","item":"https:\/\/www.lacnekontajnery.sk\/eshop\/obchod\/"},{"@type":"ListItem","position":3,"name":"Hala s hrebe\u0148ovou kon\u0161trukciou, 12&#215;20 ms br\u00e1nou 4,73&#215;5,3 m &#8211; vzdialenos\u0165 n\u00f4h 2m 720g\/m2"}]},{"@type":"WebSite","@id":"https:\/\/www.lacnekontajnery.sk\/eshop\/#website","url":"https:\/\/www.lacnekontajnery.sk\/eshop\/","name":"Profisklad- najlacnej\u0161ie rie\u0161enie pre V\u00e1\u0161 sklad","description":"Profesion\u00e1lne sklady","publisher":{"@id":"https:\/\/www.lacnekontajnery.sk\/eshop\/#organization"},"potentialAction":[{"@type":"SearchAction","target":{"@type":"EntryPoint","urlTemplate":"https:\/\/www.lacnekontajnery.sk\/eshop\/?s={search_term_string}"},"query-input":"required name=search_term_string"}],"inLanguage":"sk-SK"},{"@type":"Organization","@id":"https:\/\/www.lacnekontajnery.sk\/eshop\/#organization","name":"Profisklad- r\u00fdchle a lacn\u00e9 skladovanie","url":"https:\/\/www.lacnekontajnery.sk\/eshop\/","logo":{"@type":"ImageObject","inLanguage":"sk-SK","@id":"https:\/\/www.lacnekontajnery.sk\/eshop\/#\/schema\/logo\/image\/","url":"https:\/\/www.lacnekontajnery.sk\/eshop\/wp-content\/uploads\/2020\/07\/facebook_cover_photo_1.png","contentUrl":"https:\/\/www.lacnekontajnery.sk\/eshop\/wp-content\/uploads\/2020\/07\/facebook_cover_photo_1.png","width":1640,"height":624,"caption":"Profisklad- r\u00fdchle a lacn\u00e9 skladovanie"},"image":{"@id":"https:\/\/www.lacnekontajnery.sk\/eshop\/#\/schema\/logo\/image\/"}}]}},"jetpack_sharing_enabled":true,"_links":{"self":[{"href":"https:\/\/www.lacnekontajnery.sk\/eshop\/wp-json\/wp\/v2\/product\/1055"}],"collection":[{"href":"https:\/\/www.lacnekontajnery.sk\/eshop\/wp-json\/wp\/v2\/product"}],"about":[{"href":"https:\/\/www.lacnekontajnery.sk\/eshop\/wp-json\/wp\/v2\/types\/product"}],"replies":[{"embeddable":true,"href":"https:\/\/www.lacnekontajnery.sk\/eshop\/wp-json\/wp\/v2\/comments?post=1055"}],"wp:featuredmedia":[{"embeddable":true,"href":"https:\/\/www.lacnekontajnery.sk\/eshop\/wp-json\/wp\/v2\/media\/1058"}],"wp:attachment":[{"href":"https:\/\/www.lacnekontajnery.sk\/eshop\/wp-json\/wp\/v2\/media?parent=1055"}],"wp:term":[{"taxonomy":"product_cat","embeddable":true,"href":"https:\/\/www.lacnekontajnery.sk\/eshop\/wp-json\/wp\/v2\/product_cat?post=1055"},{"taxonomy":"product_tag","embeddable":true,"href":"https:\/\/www.lacnekontajnery.sk\/eshop\/wp-json\/wp\/v2\/product_tag?post=1055"}],"curies":[{"name":"wp","href":"https:\/\/api.w.org\/{rel}","templated":true}]}}