{"id":1157,"date":"2021-04-17T19:01:56","date_gmt":"2021-04-17T17:01:56","guid":{"rendered":"https:\/\/www.lacnekontajnery.sk\/eshop\/?post_type=product&#038;p=1157"},"modified":"2023-03-30T10:48:39","modified_gmt":"2023-03-30T08:48:39","slug":"zahradny-altanok-deluxe-cappuccino-3x3m","status":"publish","type":"product","link":"https:\/\/www.lacnekontajnery.sk\/eshop\/produkt\/zahradny-altanok-deluxe-cappuccino-3x3m\/","title":{"rendered":"Z\u00e1hradn\u00fd alt\u00e1nok Sunset Deluxe cappuccino, 3x3m"},"content":{"rendered":"<h5 id=\"tw-target-text\" class=\"tw-data-text tw-text-large XcVN5d tw-ta\" dir=\"ltr\" data-placeholder=\"Preklad\"><span class=\"Y2IQFc\" lang=\"sk\">Tu sa sp\u00e1jaj\u00fa tie najlep\u0161ie vlastnosti, tak\u017ee ka\u017ed\u00fd okamih je v\u00fdnimo\u010dn\u00fd! Vyvinut\u00fd na celoro\u010dn\u00e9 pou\u017eitie, z\u00e1hradn\u00fd pavil\u00f3n Rendezvous Deluxe vy\u010daruje v z\u00e1hrade n\u00e1dych luxusu kombin\u00e1ciou dekorat\u00edvneho dizajnu a maxim\u00e1lnej funk\u010dnosti. Jeho obzvl\u00e1\u0161\u0165 stabiln\u00e1 hlin\u00edkov\u00e1 kon\u0161trukcia s pr\u00e1\u0161kov\u00fdm n\u00e1strekom zaujme elegantn\u00fdm dizajnom dekoru. Pre maxim\u00e1lnu stabilitu s\u00fa nohy vyroben\u00e9 z 90 mm \u0161irok\u00e9ho \u0161tvorcov\u00e9ho profilu v kombin\u00e1cii s obzvl\u00e1\u0161\u0165 ve\u013ek\u00fdmi a stabiln\u00fdmi z\u00e1kladov\u00fdmi doskami. 6 mm hrub\u00e9 polykarbon\u00e1tov\u00e9 stre\u0161n\u00e9 panely poskytuj\u00fa nielen spo\u013eahliv\u00fa ochranu za ka\u017ed\u00e9ho po\u010dasia, ale zais\u0165uj\u00fa aj vysok\u00fd dopad svetla a pr\u00edjemn\u00fa atmosf\u00e9ru sedenia. Okrem toho vodotesn\u00e1 strecha dosahuje vysok\u00fa ochranu proti UV \u017eiareniu 50+ a je odoln\u00e1 proti zime so za\u0165a\u017een\u00edm snehom 50 kg \/ m\u00b2. Pavil\u00f3n Rendezvous Deluxe je ve\u013emi \u013eahko nastavite\u013en\u00fd v\u010faka vysoko kvalitn\u00e9mu syst\u00e9mu spojenia panelov a predv\u0155tan\u00fdch profilov. \u0160tyri dod\u00e1van\u00e9 bo\u010dn\u00e9 diely, ktor\u00e9 prech\u00e1dzaj\u00fa cez ko\u013eajnicov\u00fd syst\u00e9m s hladk<\/span><span class=\"Y2IQFc\" lang=\"sk\">\u00fdm chodom, umo\u017e\u0148uj\u00fa \u00fapln\u00e9 uzavretie pavil\u00f3nu a in\u0161piruj\u00fa mnoho dizajnov\u00fdch mo\u017enost\u00ed pre ka\u017ed\u00fa pr\u00edle\u017eitos\u0165.<\/span><\/h5>\n<p><img decoding=\"async\" src=\"https:\/\/www.profizelt24.de\/media\/IMG-AMZ\/AMZ_0300x0300_REND_DEL.jpg\" \/><\/p>\n<h5 id=\"tw-target-text\" class=\"tw-data-text tw-text-large XcVN5d tw-ta\" dir=\"ltr\" data-placeholder=\"Preklad\"><span class=\"Y2IQFc\" lang=\"sk\">Farebne zladen\u00e9 bo\u010dn\u00e9 panely vyroben\u00e9 z polyesteru s hr\u00fabkou 160 g \/ m\u00b2 s povrchovou \u00fapravou PA poskytuj\u00fa \u010fal\u0161iu ochranu pred vetrom a po\u010das\u00edm. Tieto s\u00fa s\u00fa\u010das\u0165ou dod\u00e1vky a zais\u0165uj\u00fa e\u0161te v\u00e4\u010d\u0161ie pohodlie. V z\u00e1vislosti na po\u010das\u00ed a n\u00e1lade je mo\u017en\u00e9 pavil\u00f3n flexibilne prepracova\u0165. Te\u010d\u00faca l\u00e1tka, ktor\u00e1 je vo\u013ene zhroma\u017eden\u00e1 a pripevnen\u00e1 k noh\u00e1m, vyzer\u00e1 dekorat\u00edvne a luxusne. Bo\u010dn\u00e9 diely sa r\u00fdchlo a \u013eahko pripevnia na hladk\u00fd pojazdov\u00fd syst\u00e9m a v pr\u00edpade potreby sa daj\u00fa navz\u00e1jom spoji\u0165 pomocou zipsu. \u00daplne alebo \u010diasto\u010dne zatvoren\u00e9 &#8211; vyberte si ochranu a pohodlie, ktor\u00e9 potrebujete. Vr\u00e1tane 4 bo\u010dn\u00fdch \u010dast\u00ed v cappucchine Vyroben\u00e9 zo 160 g \/ m\u00b2 polyesteru s povrchovou \u00fapravou PA Syst\u00e9m ko\u013eajn\u00edc s hladk\u00fdm chodom \u00daplne uzatv\u00e1rate\u013en\u00e9 na zips<\/span><\/h5>\n","protected":false},"excerpt":{"rendered":"<h5 id=\"tw-target-text\" class=\"tw-data-text tw-text-large XcVN5d tw-ta\" dir=\"ltr\" data-placeholder=\"Preklad\"><span class=\"Y2IQFc\" lang=\"sk\">\u010ci u\u017e v lete alebo v zime, v\u010faka tomuto z\u00e1hradn\u00e9mu pavil\u00f3nu Sunset Deluxe m\u00f4\u017eete str\u00e1vi\u0165 ka\u017ed\u00fa sez\u00f3nu v roku relaxom vo svojej z\u00e1hrade. V\u010faka 50+ UV ochrane je tento pavil\u00f3n perfektne vybaven\u00fd na hor\u00face letn\u00e9 dni. A v zime? Aj v zime si chcete u\u017ei\u0165 svoju vlastn\u00fa z\u00e1hradn\u00fa idylku a na jese\u0148 za\u017ei\u0165, ako l\u00edstie opad\u00e1va zo stromov, a vyk\u00fazli\u0165 v z\u00e1hrade jedine\u010dn\u00e9 farby. Preto\u017ee tento 100% vodotesn\u00fd z\u00e1hradn\u00fd alt\u00e1nok pozost\u00e1va z hlin\u00edkovej kon\u0161trukcie s pr\u00e1\u0161kov\u00fdm n\u00e1strekom a je vybaven\u00fd strechou z polykarbon\u00e1tov\u00fdch panelov odoln\u00fdch vo\u010di poveternostn\u00fdm vplyvom, nemus\u00edte pavil\u00f3n ani strechu demontova\u0165 ani skladova\u0165.<\/span><\/h5>\n","protected":false},"featured_media":1161,"comment_status":"open","ping_status":"closed","template":"","meta":{"_monsterinsights_skip_tracking":false,"_monsterinsights_sitenote_active":false,"_monsterinsights_sitenote_note":"","_monsterinsights_sitenote_category":0},"product_cat":[24],"product_tag":[78],"yoast_head":"<!-- This site is optimized with the Yoast SEO plugin v21.9 - https:\/\/yoast.com\/wordpress\/plugins\/seo\/ -->\n<title>Z\u00e1hradn\u00fd alt\u00e1nok Sunset Deluxe cappuccino, 3x3m - Profisklad- najlacnej\u0161ie rie\u0161enie pre V\u00e1\u0161 sklad<\/title>\n<meta name=\"description\" content=\"Z\u00e1hradn alt\u00e1nok ktor\u00fd bol vyvinut\u00fd na celoro\u010dn\u00e9 pou\u017eitie, vyvol\u00e1va v z\u00e1hrade dotyk luxusu s kombin\u00e1ciou dekorat\u00edvneho dizajnu a maxim\u00e1lnej funk\u010dnosti. Jeho mimoriadne stabiln\u00e1 hlin\u00edkov\u00e1 kon\u0161trukcia s pr\u00e1\u0161kov\u00fdm povlakom sa in\u0161piruje tvarovo dekorat\u00edvnym dizajnom.\" \/>\n<meta name=\"robots\" content=\"index, follow, max-snippet:-1, max-image-preview:large, max-video-preview:-1\" \/>\n<link rel=\"canonical\" href=\"https:\/\/www.lacnekontajnery.sk\/eshop\/produkt\/zahradny-altanok-deluxe-cappuccino-3x3m\/\" \/>\n<meta property=\"og:locale\" content=\"sk_SK\" \/>\n<meta property=\"og:type\" content=\"article\" \/>\n<meta property=\"og:title\" content=\"Z\u00e1hradn\u00fd alt\u00e1nok Sunset Deluxe cappuccino, 3x3m - Profisklad- najlacnej\u0161ie rie\u0161enie pre V\u00e1\u0161 sklad\" \/>\n<meta property=\"og:description\" content=\"Z\u00e1hradn alt\u00e1nok ktor\u00fd bol vyvinut\u00fd na celoro\u010dn\u00e9 pou\u017eitie, vyvol\u00e1va v z\u00e1hrade dotyk luxusu s kombin\u00e1ciou dekorat\u00edvneho dizajnu a maxim\u00e1lnej funk\u010dnosti. Jeho mimoriadne stabiln\u00e1 hlin\u00edkov\u00e1 kon\u0161trukcia s pr\u00e1\u0161kov\u00fdm povlakom sa in\u0161piruje tvarovo dekorat\u00edvnym dizajnom.\" \/>\n<meta property=\"og:url\" content=\"https:\/\/www.lacnekontajnery.sk\/eshop\/produkt\/zahradny-altanok-deluxe-cappuccino-3x3m\/\" \/>\n<meta property=\"og:site_name\" content=\"Profisklad- najlacnej\u0161ie rie\u0161enie pre V\u00e1\u0161 sklad\" \/>\n<meta property=\"article:modified_time\" content=\"2023-03-30T08:48:39+00:00\" \/>\n<meta property=\"og:image\" content=\"https:\/\/www.lacnekontajnery.sk\/eshop\/wp-content\/uploads\/2021\/04\/fpRCWLQnGC-compress.jpg\" \/>\n\t<meta property=\"og:image:width\" content=\"524\" \/>\n\t<meta property=\"og:image:height\" content=\"428\" \/>\n\t<meta property=\"og:image:type\" content=\"image\/jpeg\" \/>\n<meta name=\"twitter:card\" content=\"summary_large_image\" \/>\n<meta name=\"twitter:label1\" content=\"Predpokladan\u00fd \u010das \u010d\u00edtania\" \/>\n\t<meta name=\"twitter:data1\" content=\"2 min\u00faty\" \/>\n<script type=\"application\/ld+json\" class=\"yoast-schema-graph\">{\"@context\":\"https:\/\/schema.org\",\"@graph\":[{\"@type\":\"WebPage\",\"@id\":\"https:\/\/www.lacnekontajnery.sk\/eshop\/produkt\/zahradny-altanok-deluxe-cappuccino-3x3m\/\",\"url\":\"https:\/\/www.lacnekontajnery.sk\/eshop\/produkt\/zahradny-altanok-deluxe-cappuccino-3x3m\/\",\"name\":\"Z\u00e1hradn\u00fd alt\u00e1nok Sunset Deluxe cappuccino, 3x3m - Profisklad- najlacnej\u0161ie rie\u0161enie pre V\u00e1\u0161 sklad\",\"isPartOf\":{\"@id\":\"https:\/\/www.lacnekontajnery.sk\/eshop\/#website\"},\"datePublished\":\"2021-04-17T17:01:56+00:00\",\"dateModified\":\"2023-03-30T08:48:39+00:00\",\"description\":\"Z\u00e1hradn alt\u00e1nok ktor\u00fd bol vyvinut\u00fd na celoro\u010dn\u00e9 pou\u017eitie, vyvol\u00e1va v z\u00e1hrade dotyk luxusu s kombin\u00e1ciou dekorat\u00edvneho dizajnu a maxim\u00e1lnej funk\u010dnosti. Jeho mimoriadne stabiln\u00e1 hlin\u00edkov\u00e1 kon\u0161trukcia s pr\u00e1\u0161kov\u00fdm povlakom sa in\u0161piruje tvarovo dekorat\u00edvnym dizajnom.\",\"breadcrumb\":{\"@id\":\"https:\/\/www.lacnekontajnery.sk\/eshop\/produkt\/zahradny-altanok-deluxe-cappuccino-3x3m\/#breadcrumb\"},\"inLanguage\":\"sk-SK\",\"potentialAction\":[{\"@type\":\"ReadAction\",\"target\":[\"https:\/\/www.lacnekontajnery.sk\/eshop\/produkt\/zahradny-altanok-deluxe-cappuccino-3x3m\/\"]}]},{\"@type\":\"BreadcrumbList\",\"@id\":\"https:\/\/www.lacnekontajnery.sk\/eshop\/produkt\/zahradny-altanok-deluxe-cappuccino-3x3m\/#breadcrumb\",\"itemListElement\":[{\"@type\":\"ListItem\",\"position\":1,\"name\":\"Home\",\"item\":\"https:\/\/www.lacnekontajnery.sk\/eshop\/\"},{\"@type\":\"ListItem\",\"position\":2,\"name\":\"Obchod\",\"item\":\"https:\/\/www.lacnekontajnery.sk\/eshop\/obchod\/\"},{\"@type\":\"ListItem\",\"position\":3,\"name\":\"Z\u00e1hradn\u00fd alt\u00e1nok Sunset Deluxe cappuccino, 3x3m\"}]},{\"@type\":\"WebSite\",\"@id\":\"https:\/\/www.lacnekontajnery.sk\/eshop\/#website\",\"url\":\"https:\/\/www.lacnekontajnery.sk\/eshop\/\",\"name\":\"Profisklad- najlacnej\u0161ie rie\u0161enie pre V\u00e1\u0161 sklad\",\"description\":\"Profesion\u00e1lne sklady\",\"publisher\":{\"@id\":\"https:\/\/www.lacnekontajnery.sk\/eshop\/#organization\"},\"potentialAction\":[{\"@type\":\"SearchAction\",\"target\":{\"@type\":\"EntryPoint\",\"urlTemplate\":\"https:\/\/www.lacnekontajnery.sk\/eshop\/?s={search_term_string}\"},\"query-input\":\"required name=search_term_string\"}],\"inLanguage\":\"sk-SK\"},{\"@type\":\"Organization\",\"@id\":\"https:\/\/www.lacnekontajnery.sk\/eshop\/#organization\",\"name\":\"Profisklad- r\u00fdchle a lacn\u00e9 skladovanie\",\"url\":\"https:\/\/www.lacnekontajnery.sk\/eshop\/\",\"logo\":{\"@type\":\"ImageObject\",\"inLanguage\":\"sk-SK\",\"@id\":\"https:\/\/www.lacnekontajnery.sk\/eshop\/#\/schema\/logo\/image\/\",\"url\":\"https:\/\/www.lacnekontajnery.sk\/eshop\/wp-content\/uploads\/2020\/07\/facebook_cover_photo_1.png\",\"contentUrl\":\"https:\/\/www.lacnekontajnery.sk\/eshop\/wp-content\/uploads\/2020\/07\/facebook_cover_photo_1.png\",\"width\":1640,\"height\":624,\"caption\":\"Profisklad- r\u00fdchle a lacn\u00e9 skladovanie\"},\"image\":{\"@id\":\"https:\/\/www.lacnekontajnery.sk\/eshop\/#\/schema\/logo\/image\/\"}}]}<\/script>\n<!-- \/ Yoast SEO plugin. -->","yoast_head_json":{"title":"Z\u00e1hradn\u00fd alt\u00e1nok Sunset Deluxe cappuccino, 3x3m - Profisklad- najlacnej\u0161ie rie\u0161enie pre V\u00e1\u0161 sklad","description":"Z\u00e1hradn alt\u00e1nok ktor\u00fd bol vyvinut\u00fd na celoro\u010dn\u00e9 pou\u017eitie, vyvol\u00e1va v z\u00e1hrade dotyk luxusu s kombin\u00e1ciou dekorat\u00edvneho dizajnu a maxim\u00e1lnej funk\u010dnosti. Jeho mimoriadne stabiln\u00e1 hlin\u00edkov\u00e1 kon\u0161trukcia s pr\u00e1\u0161kov\u00fdm povlakom sa in\u0161piruje tvarovo dekorat\u00edvnym dizajnom.","robots":{"index":"index","follow":"follow","max-snippet":"max-snippet:-1","max-image-preview":"max-image-preview:large","max-video-preview":"max-video-preview:-1"},"canonical":"https:\/\/www.lacnekontajnery.sk\/eshop\/produkt\/zahradny-altanok-deluxe-cappuccino-3x3m\/","og_locale":"sk_SK","og_type":"article","og_title":"Z\u00e1hradn\u00fd alt\u00e1nok Sunset Deluxe cappuccino, 3x3m - Profisklad- najlacnej\u0161ie rie\u0161enie pre V\u00e1\u0161 sklad","og_description":"Z\u00e1hradn alt\u00e1nok ktor\u00fd bol vyvinut\u00fd na celoro\u010dn\u00e9 pou\u017eitie, vyvol\u00e1va v z\u00e1hrade dotyk luxusu s kombin\u00e1ciou dekorat\u00edvneho dizajnu a maxim\u00e1lnej funk\u010dnosti. Jeho mimoriadne stabiln\u00e1 hlin\u00edkov\u00e1 kon\u0161trukcia s pr\u00e1\u0161kov\u00fdm povlakom sa in\u0161piruje tvarovo dekorat\u00edvnym dizajnom.","og_url":"https:\/\/www.lacnekontajnery.sk\/eshop\/produkt\/zahradny-altanok-deluxe-cappuccino-3x3m\/","og_site_name":"Profisklad- najlacnej\u0161ie rie\u0161enie pre V\u00e1\u0161 sklad","article_modified_time":"2023-03-30T08:48:39+00:00","og_image":[{"width":524,"height":428,"url":"https:\/\/www.lacnekontajnery.sk\/eshop\/wp-content\/uploads\/2021\/04\/fpRCWLQnGC-compress.jpg","type":"image\/jpeg"}],"twitter_card":"summary_large_image","twitter_misc":{"Predpokladan\u00fd \u010das \u010d\u00edtania":"2 min\u00faty"},"schema":{"@context":"https:\/\/schema.org","@graph":[{"@type":"WebPage","@id":"https:\/\/www.lacnekontajnery.sk\/eshop\/produkt\/zahradny-altanok-deluxe-cappuccino-3x3m\/","url":"https:\/\/www.lacnekontajnery.sk\/eshop\/produkt\/zahradny-altanok-deluxe-cappuccino-3x3m\/","name":"Z\u00e1hradn\u00fd alt\u00e1nok Sunset Deluxe cappuccino, 3x3m - Profisklad- najlacnej\u0161ie rie\u0161enie pre V\u00e1\u0161 sklad","isPartOf":{"@id":"https:\/\/www.lacnekontajnery.sk\/eshop\/#website"},"datePublished":"2021-04-17T17:01:56+00:00","dateModified":"2023-03-30T08:48:39+00:00","description":"Z\u00e1hradn alt\u00e1nok ktor\u00fd bol vyvinut\u00fd na celoro\u010dn\u00e9 pou\u017eitie, vyvol\u00e1va v z\u00e1hrade dotyk luxusu s kombin\u00e1ciou dekorat\u00edvneho dizajnu a maxim\u00e1lnej funk\u010dnosti. Jeho mimoriadne stabiln\u00e1 hlin\u00edkov\u00e1 kon\u0161trukcia s pr\u00e1\u0161kov\u00fdm povlakom sa in\u0161piruje tvarovo dekorat\u00edvnym dizajnom.","breadcrumb":{"@id":"https:\/\/www.lacnekontajnery.sk\/eshop\/produkt\/zahradny-altanok-deluxe-cappuccino-3x3m\/#breadcrumb"},"inLanguage":"sk-SK","potentialAction":[{"@type":"ReadAction","target":["https:\/\/www.lacnekontajnery.sk\/eshop\/produkt\/zahradny-altanok-deluxe-cappuccino-3x3m\/"]}]},{"@type":"BreadcrumbList","@id":"https:\/\/www.lacnekontajnery.sk\/eshop\/produkt\/zahradny-altanok-deluxe-cappuccino-3x3m\/#breadcrumb","itemListElement":[{"@type":"ListItem","position":1,"name":"Home","item":"https:\/\/www.lacnekontajnery.sk\/eshop\/"},{"@type":"ListItem","position":2,"name":"Obchod","item":"https:\/\/www.lacnekontajnery.sk\/eshop\/obchod\/"},{"@type":"ListItem","position":3,"name":"Z\u00e1hradn\u00fd alt\u00e1nok Sunset Deluxe cappuccino, 3x3m"}]},{"@type":"WebSite","@id":"https:\/\/www.lacnekontajnery.sk\/eshop\/#website","url":"https:\/\/www.lacnekontajnery.sk\/eshop\/","name":"Profisklad- najlacnej\u0161ie rie\u0161enie pre V\u00e1\u0161 sklad","description":"Profesion\u00e1lne sklady","publisher":{"@id":"https:\/\/www.lacnekontajnery.sk\/eshop\/#organization"},"potentialAction":[{"@type":"SearchAction","target":{"@type":"EntryPoint","urlTemplate":"https:\/\/www.lacnekontajnery.sk\/eshop\/?s={search_term_string}"},"query-input":"required name=search_term_string"}],"inLanguage":"sk-SK"},{"@type":"Organization","@id":"https:\/\/www.lacnekontajnery.sk\/eshop\/#organization","name":"Profisklad- r\u00fdchle a lacn\u00e9 skladovanie","url":"https:\/\/www.lacnekontajnery.sk\/eshop\/","logo":{"@type":"ImageObject","inLanguage":"sk-SK","@id":"https:\/\/www.lacnekontajnery.sk\/eshop\/#\/schema\/logo\/image\/","url":"https:\/\/www.lacnekontajnery.sk\/eshop\/wp-content\/uploads\/2020\/07\/facebook_cover_photo_1.png","contentUrl":"https:\/\/www.lacnekontajnery.sk\/eshop\/wp-content\/uploads\/2020\/07\/facebook_cover_photo_1.png","width":1640,"height":624,"caption":"Profisklad- r\u00fdchle a lacn\u00e9 skladovanie"},"image":{"@id":"https:\/\/www.lacnekontajnery.sk\/eshop\/#\/schema\/logo\/image\/"}}]}},"jetpack_sharing_enabled":true,"_links":{"self":[{"href":"https:\/\/www.lacnekontajnery.sk\/eshop\/wp-json\/wp\/v2\/product\/1157"}],"collection":[{"href":"https:\/\/www.lacnekontajnery.sk\/eshop\/wp-json\/wp\/v2\/product"}],"about":[{"href":"https:\/\/www.lacnekontajnery.sk\/eshop\/wp-json\/wp\/v2\/types\/product"}],"replies":[{"embeddable":true,"href":"https:\/\/www.lacnekontajnery.sk\/eshop\/wp-json\/wp\/v2\/comments?post=1157"}],"wp:featuredmedia":[{"embeddable":true,"href":"https:\/\/www.lacnekontajnery.sk\/eshop\/wp-json\/wp\/v2\/media\/1161"}],"wp:attachment":[{"href":"https:\/\/www.lacnekontajnery.sk\/eshop\/wp-json\/wp\/v2\/media?parent=1157"}],"wp:term":[{"taxonomy":"product_cat","embeddable":true,"href":"https:\/\/www.lacnekontajnery.sk\/eshop\/wp-json\/wp\/v2\/product_cat?post=1157"},{"taxonomy":"product_tag","embeddable":true,"href":"https:\/\/www.lacnekontajnery.sk\/eshop\/wp-json\/wp\/v2\/product_tag?post=1157"}],"curies":[{"name":"wp","href":"https:\/\/api.w.org\/{rel}","templated":true}]}}