{"id":1620,"date":"2021-12-27T12:48:56","date_gmt":"2021-12-27T11:48:56","guid":{"rendered":"https:\/\/www.lacnekontajnery.sk\/eshop\/?post_type=product&#038;p=1620"},"modified":"2021-12-31T15:51:58","modified_gmt":"2021-12-31T14:51:58","slug":"party-stan-3x6-m-pe-plachta-240-g-m%c2%b2-sivobiela","status":"publish","type":"product","link":"https:\/\/www.lacnekontajnery.sk\/eshop\/produkt\/party-stan-3x6-m-pe-plachta-240-g-m%c2%b2-sivobiela\/","title":{"rendered":"P\u00e1rty stan 3&#215;6 m, PE plachta 240 g \/ m\u00b2, sivobiela"},"content":{"rendered":"<h3 class=\"tps5-tag-bluedot\">1\u00a0Pevn\u00e9 oce\u013eov\u00e9 ty\u010de &#8211; optim\u00e1lne chr\u00e1nen\u00e9<\/h3>\n<p>V\u0161etky oce\u013eov\u00e9 r\u00fary s\u00fa plne pozinkovan\u00e9, a preto na rozdiel od povrchovej \u00fapravy ocele s pr\u00e1\u0161kov\u00fdm n\u00e1strekom nepon\u00fakaj\u00fa takmer \u017eiadny povrch pre napadnutie hrdzou.<\/p>\n<ul>\n<li>Oce\u013eov\u00e1 r\u00farkov\u00e1 spojka cca .: \u00d8 42 mm, hr\u00fabka steny 1,0 mm<\/li>\n<li>oce\u013eov\u00e9 plne pozinkovan\u00e9 r\u00fary cca .: \u00d8 38 mm, hr\u00fabka steny 0,9 mm<\/li>\n<li>Zliatina zinku chr\u00e1ni pred kor\u00f3ziou<\/li>\n<li>Oce\u013eov\u00e9 r\u00fary zu\u0161\u013eachten\u00e9 zvn\u00fatra aj zvonka<\/li>\n<li>Odoln\u00e9 vo\u010di n\u00e1razom a po\u0161kriabaniu<\/li>\n<\/ul>\n<h3 class=\"tps5-tag-bluedot\">2\u00a0Klikac\u00ed syst\u00e9m \u2013 nastavenie za chv\u00ed\u013eu<\/h3>\n<p>V\u010faka kvalitn\u00e9mu klik syst\u00e9mu mo\u017eno tento mark\u00edz postavi\u0165 r\u00fdchlo a bez n\u00e1radia.<\/p>\n<ul>\n<li>extra ve\u013ek\u00e9 tla\u010didlo<\/li>\n<li>obzvl\u00e1\u0161\u0165 hladk\u00e9<\/li>\n<li>ve\u013ek\u00e1 pru\u017eina, ktor\u00e1 sa ne\u0161m\u00fdka<\/li>\n<\/ul>\n<h3 class=\"tps5-tag-bluedot\">3\u00a0Nohy &#8211; bezpe\u010dne pripevnen\u00e9 dookola!<\/h3>\n<p>Ka\u017ed\u00e1 noha m\u00e1 samostatn\u00fd prvok chodidla.<\/p>\n<ul>\n<li>Priemer no\u017enej dosky cca 9,5 cm<\/li>\n<li>Bezpe\u010dne pripevnen\u00e9 zo v\u0161etk\u00fdch str\u00e1n pomocou kol\u00edkov<\/li>\n<\/ul>\n<h3 class=\"tps5-tag-bluedot\">4\u00a0Stre\u0161n\u00e1 plachta &#8211; 100% vodotesn\u00e1 v celom rozsahu<\/h3>\n<p>Nepretr\u017eit\u00e1 stre\u0161n\u00e1 plachta dr\u017e\u00ed kon\u0161trukciu pevne pohromade, a preto je d\u00f4le\u017eitou s\u00fa\u010das\u0165ou stability.<\/p>\n<ul>\n<li>\u0160vy s\u00fa zv\u00e1ran\u00e9 a nie \u0161it\u00e9<\/li>\n<li>Nemo\u017en\u00fd prienik vody<\/li>\n<li>Celoobvodov\u00fd stre\u0161n\u00fd drap\u00e1k pokr\u00fdva medzery a zastavuje prievan<\/li>\n<\/ul>\n<h3 class=\"tps5-tag-bluedot\">5\u00a0Bo\u010dn\u00e9 a \u0161t\u00edtov\u00e9 steny &#8211; r\u00fdchlo in\u0161talovan\u00e9<\/h3>\n<p>Priebe\u017en\u00e9 bo\u010dn\u00e9 steny prech\u00e1dzaj\u00fa ako jeden kus cez cel\u00fa stranu a m\u00f4\u017eu by\u0165 in\u0161talovan\u00e9 obzvl\u00e1\u0161\u0165 r\u00fdchlo a jednoducho.<\/p>\n<ul>\n<li>Boky s ve\u013ek\u00fdmi oknami v obl\u00fakovej optike<\/li>\n<li>Upevnenie pomocou bungees na ty\u010di<\/li>\n<li>Presahuj\u00faca strecha a \u0161t\u00edtov\u00e1 plachta zabra\u0148uj\u00fa prievanu<\/li>\n<li>\u0160t\u00edtov\u00e1 strana ka\u017ed\u00e1 so vstupom, ktor\u00fd sa d\u00e1 zrolova\u0165<\/li>\n<\/ul>\n<p><img decoding=\"async\" class=\"aligncenter\" src=\"https:\/\/www.profizelt24.de\/media\/IMG-AMZ\/AMZ_0300x0600x200_OPT_PRE_640x480.jpg\" \/><\/p>\n<h2>Rozmery<\/h2>\n<div class=\"tps5-hlp-spc2 xs\"><\/div>\n<table class=\"table table-condensed table-striped\">\n<thead>\n<tr>\n<th>ozna\u010denie<\/th>\n<th>Rozmery<\/th>\n<\/tr>\n<\/thead>\n<tbody>\n<tr>\n<td>Miesto na zemi<\/td>\n<td>3 x 6 m &#8211; 18,00 m\u00b2<\/td>\n<\/tr>\n<tr>\n<td>V\u00fd\u0161ka strany<\/td>\n<td>cca 2,0 m<\/td>\n<\/tr>\n<tr>\n<td>V\u00fd\u0161ka hrebe\u0148a<\/td>\n<td>cca 2,9 m<\/td>\n<\/tr>\n<tr>\n<td>Vchod 1<\/td>\n<td>cca 2,0 x 2,0 m<\/td>\n<\/tr>\n<tr>\n<td>Vchod 2<\/td>\n<td>cca 1,0 x 2,0 m<\/td>\n<\/tr>\n<tr>\n<td>Bo\u010dn\u00e1 \u010das\u0165<\/td>\n<td>cca 2 x 2 m<\/td>\n<\/tr>\n<tr>\n<td>\u00dadaje o balen\u00ed<\/td>\n<td>\n<ul class=\"tps5-cpn-floatlist tps5-cpn-floatlist-expanded\">\n<li title=\"mno\u017estvo bal\u00edkov\">\u00a03<\/li>\n<li title=\"Najdlh\u0161ia strana\">\u00a0198 cm<\/li>\n<li title=\"Celkov\u00e1 v\u00e1ha\">\u00a062,2 kg<\/li>\n<\/ul>\n<\/td>\n<\/tr>\n<\/tbody>\n<\/table>\n","protected":false},"excerpt":{"rendered":"<h2>P\u00e1rty stan s PE plachtou a zacvak\u00e1vac\u00edm syst\u00e9mom: r\u00fdchle a jednoduch\u00e9 postavenie<\/h2>\n<p>Mal\u00fd objem balenia, n\u00edzka hmotnos\u0165 a jednoduch\u00e1 mont\u00e1\u017e: tento p\u00e1rty stan sa d\u00e1 postavi\u0165 obzvl\u00e1\u0161\u0165 r\u00fdchlo v\u010faka kvalitn\u00e9mu klik syst\u00e9mu.\u00a0Kompletne pozinkovan\u00fd oce\u013eov\u00fd r\u00e1m je chr\u00e1nen\u00fd proti kor\u00f3zii.\u00a0Plachty sa skladaj\u00fa z cca 180 g\/m\u00b2 \u0165a\u017ek\u00e9ho PE materi\u00e1lu, s\u00fa odoln\u00e9 vo\u010di UV \u017eiareniu a\u00a0<strong>100% vodotesn\u00e9<\/strong>\u00a0.\u00a0Bo\u010dn\u00e9 a \u0161t\u00edtov\u00e9 diely je mo\u017en\u00e9 pripevni\u0165 pod\u013ea potreby a pon\u00fakaj\u00fa r\u00f4zne kon\u0161truk\u010dn\u00e9 varianty.\u00a0Pre tento mark\u00edz pon\u00fakame\u00a0<strong>10-ro\u010dn\u00fa z\u00e1ruku na n\u00e1kup n\u00e1hradn\u00fdch dielov<\/strong>\u00a0od d\u00e1tumu n\u00e1kupu.<\/p>\n","protected":false},"featured_media":1697,"comment_status":"open","ping_status":"closed","template":"","meta":{"_monsterinsights_skip_tracking":false,"_monsterinsights_sitenote_active":false,"_monsterinsights_sitenote_note":"","_monsterinsights_sitenote_category":0},"product_cat":[17],"product_tag":[157],"yoast_head":"<!-- This site is optimized with the Yoast SEO plugin v21.9 - https:\/\/yoast.com\/wordpress\/plugins\/seo\/ -->\n<title>P\u00e1rty stan 3x6 m, PE plachta 240 g \/ m\u00b2, sivobiela - Profisklad- najlacnej\u0161ie rie\u0161enie pre V\u00e1\u0161 sklad<\/title>\n<meta name=\"robots\" content=\"index, follow, max-snippet:-1, max-image-preview:large, max-video-preview:-1\" \/>\n<link rel=\"canonical\" href=\"https:\/\/www.lacnekontajnery.sk\/eshop\/produkt\/party-stan-3x6-m-pe-plachta-240-g-m\u00b2-sivobiela\/\" \/>\n<meta property=\"og:locale\" content=\"sk_SK\" \/>\n<meta property=\"og:type\" content=\"article\" \/>\n<meta property=\"og:title\" content=\"P\u00e1rty stan 3x6 m, PE plachta 240 g \/ m\u00b2, sivobiela - Profisklad- najlacnej\u0161ie rie\u0161enie pre V\u00e1\u0161 sklad\" \/>\n<meta property=\"og:description\" content=\"P\u00e1rty stan s PE plachtou a zacvak\u00e1vac\u00edm syst\u00e9mom: r\u00fdchle a jednoduch\u00e9 postavenie Mal\u00fd objem balenia, n\u00edzka hmotnos\u0165 a jednoduch\u00e1 mont\u00e1\u017e: tento p\u00e1rty stan sa d\u00e1 postavi\u0165 obzvl\u00e1\u0161\u0165 r\u00fdchlo v\u010faka kvalitn\u00e9mu klik syst\u00e9mu.\u00a0Kompletne pozinkovan\u00fd oce\u013eov\u00fd r\u00e1m je chr\u00e1nen\u00fd proti kor\u00f3zii.\u00a0Plachty sa skladaj\u00fa z cca 180 g\/m\u00b2 \u0165a\u017ek\u00e9ho PE materi\u00e1lu, s\u00fa odoln\u00e9 vo\u010di UV \u017eiareniu a\u00a0100% vodotesn\u00e9\u00a0.\u00a0Bo\u010dn\u00e9 a \u0161t\u00edtov\u00e9 diely je mo\u017en\u00e9 pripevni\u0165 pod\u013ea potreby a pon\u00fakaj\u00fa r\u00f4zne kon\u0161truk\u010dn\u00e9 varianty.\u00a0Pre tento mark\u00edz pon\u00fakame\u00a010-ro\u010dn\u00fa z\u00e1ruku na n\u00e1kup n\u00e1hradn\u00fdch dielov\u00a0od d\u00e1tumu n\u00e1kupu.\" \/>\n<meta property=\"og:url\" content=\"https:\/\/www.lacnekontajnery.sk\/eshop\/produkt\/party-stan-3x6-m-pe-plachta-240-g-m\u00b2-sivobiela\/\" \/>\n<meta property=\"og:site_name\" content=\"Profisklad- najlacnej\u0161ie rie\u0161enie pre V\u00e1\u0161 sklad\" \/>\n<meta property=\"article:modified_time\" content=\"2021-12-31T14:51:58+00:00\" \/>\n<meta property=\"og:image\" content=\"https:\/\/www.lacnekontajnery.sk\/eshop\/wp-content\/uploads\/2021\/12\/Screenshot-2021-12-31-at-15-40-05-4x8-m-Partyzelt-PE-Plane-180-g-m\u00b2-weis-Profizelt24-1.jpg\" \/>\n\t<meta property=\"og:image:width\" content=\"640\" \/>\n\t<meta property=\"og:image:height\" content=\"480\" \/>\n\t<meta property=\"og:image:type\" content=\"image\/jpeg\" \/>\n<meta name=\"twitter:card\" content=\"summary_large_image\" \/>\n<meta name=\"twitter:label1\" content=\"Predpokladan\u00fd \u010das \u010d\u00edtania\" \/>\n\t<meta name=\"twitter:data1\" content=\"2 min\u00faty\" \/>\n<script type=\"application\/ld+json\" class=\"yoast-schema-graph\">{\"@context\":\"https:\/\/schema.org\",\"@graph\":[{\"@type\":\"WebPage\",\"@id\":\"https:\/\/www.lacnekontajnery.sk\/eshop\/produkt\/party-stan-3x6-m-pe-plachta-240-g-m%c2%b2-sivobiela\/\",\"url\":\"https:\/\/www.lacnekontajnery.sk\/eshop\/produkt\/party-stan-3x6-m-pe-plachta-240-g-m%c2%b2-sivobiela\/\",\"name\":\"P\u00e1rty stan 3x6 m, PE plachta 240 g \/ m\u00b2, sivobiela - Profisklad- najlacnej\u0161ie rie\u0161enie pre V\u00e1\u0161 sklad\",\"isPartOf\":{\"@id\":\"https:\/\/www.lacnekontajnery.sk\/eshop\/#website\"},\"datePublished\":\"2021-12-27T11:48:56+00:00\",\"dateModified\":\"2021-12-31T14:51:58+00:00\",\"breadcrumb\":{\"@id\":\"https:\/\/www.lacnekontajnery.sk\/eshop\/produkt\/party-stan-3x6-m-pe-plachta-240-g-m%c2%b2-sivobiela\/#breadcrumb\"},\"inLanguage\":\"sk-SK\",\"potentialAction\":[{\"@type\":\"ReadAction\",\"target\":[\"https:\/\/www.lacnekontajnery.sk\/eshop\/produkt\/party-stan-3x6-m-pe-plachta-240-g-m%c2%b2-sivobiela\/\"]}]},{\"@type\":\"BreadcrumbList\",\"@id\":\"https:\/\/www.lacnekontajnery.sk\/eshop\/produkt\/party-stan-3x6-m-pe-plachta-240-g-m%c2%b2-sivobiela\/#breadcrumb\",\"itemListElement\":[{\"@type\":\"ListItem\",\"position\":1,\"name\":\"Home\",\"item\":\"https:\/\/www.lacnekontajnery.sk\/eshop\/\"},{\"@type\":\"ListItem\",\"position\":2,\"name\":\"Obchod\",\"item\":\"https:\/\/www.lacnekontajnery.sk\/eshop\/obchod\/\"},{\"@type\":\"ListItem\",\"position\":3,\"name\":\"P\u00e1rty stan 3&#215;6 m, PE plachta 240 g \/ m\u00b2, sivobiela\"}]},{\"@type\":\"WebSite\",\"@id\":\"https:\/\/www.lacnekontajnery.sk\/eshop\/#website\",\"url\":\"https:\/\/www.lacnekontajnery.sk\/eshop\/\",\"name\":\"Profisklad- najlacnej\u0161ie rie\u0161enie pre V\u00e1\u0161 sklad\",\"description\":\"Profesion\u00e1lne sklady\",\"publisher\":{\"@id\":\"https:\/\/www.lacnekontajnery.sk\/eshop\/#organization\"},\"potentialAction\":[{\"@type\":\"SearchAction\",\"target\":{\"@type\":\"EntryPoint\",\"urlTemplate\":\"https:\/\/www.lacnekontajnery.sk\/eshop\/?s={search_term_string}\"},\"query-input\":\"required name=search_term_string\"}],\"inLanguage\":\"sk-SK\"},{\"@type\":\"Organization\",\"@id\":\"https:\/\/www.lacnekontajnery.sk\/eshop\/#organization\",\"name\":\"Profisklad- r\u00fdchle a lacn\u00e9 skladovanie\",\"url\":\"https:\/\/www.lacnekontajnery.sk\/eshop\/\",\"logo\":{\"@type\":\"ImageObject\",\"inLanguage\":\"sk-SK\",\"@id\":\"https:\/\/www.lacnekontajnery.sk\/eshop\/#\/schema\/logo\/image\/\",\"url\":\"https:\/\/www.lacnekontajnery.sk\/eshop\/wp-content\/uploads\/2020\/07\/facebook_cover_photo_1.png\",\"contentUrl\":\"https:\/\/www.lacnekontajnery.sk\/eshop\/wp-content\/uploads\/2020\/07\/facebook_cover_photo_1.png\",\"width\":1640,\"height\":624,\"caption\":\"Profisklad- r\u00fdchle a lacn\u00e9 skladovanie\"},\"image\":{\"@id\":\"https:\/\/www.lacnekontajnery.sk\/eshop\/#\/schema\/logo\/image\/\"}}]}<\/script>\n<!-- \/ Yoast SEO plugin. -->","yoast_head_json":{"title":"P\u00e1rty stan 3x6 m, PE plachta 240 g \/ m\u00b2, sivobiela - Profisklad- najlacnej\u0161ie rie\u0161enie pre V\u00e1\u0161 sklad","robots":{"index":"index","follow":"follow","max-snippet":"max-snippet:-1","max-image-preview":"max-image-preview:large","max-video-preview":"max-video-preview:-1"},"canonical":"https:\/\/www.lacnekontajnery.sk\/eshop\/produkt\/party-stan-3x6-m-pe-plachta-240-g-m\u00b2-sivobiela\/","og_locale":"sk_SK","og_type":"article","og_title":"P\u00e1rty stan 3x6 m, PE plachta 240 g \/ m\u00b2, sivobiela - Profisklad- najlacnej\u0161ie rie\u0161enie pre V\u00e1\u0161 sklad","og_description":"P\u00e1rty stan s PE plachtou a zacvak\u00e1vac\u00edm syst\u00e9mom: r\u00fdchle a jednoduch\u00e9 postavenie Mal\u00fd objem balenia, n\u00edzka hmotnos\u0165 a jednoduch\u00e1 mont\u00e1\u017e: tento p\u00e1rty stan sa d\u00e1 postavi\u0165 obzvl\u00e1\u0161\u0165 r\u00fdchlo v\u010faka kvalitn\u00e9mu klik syst\u00e9mu.\u00a0Kompletne pozinkovan\u00fd oce\u013eov\u00fd r\u00e1m je chr\u00e1nen\u00fd proti kor\u00f3zii.\u00a0Plachty sa skladaj\u00fa z cca 180 g\/m\u00b2 \u0165a\u017ek\u00e9ho PE materi\u00e1lu, s\u00fa odoln\u00e9 vo\u010di UV \u017eiareniu a\u00a0100% vodotesn\u00e9\u00a0.\u00a0Bo\u010dn\u00e9 a \u0161t\u00edtov\u00e9 diely je mo\u017en\u00e9 pripevni\u0165 pod\u013ea potreby a pon\u00fakaj\u00fa r\u00f4zne kon\u0161truk\u010dn\u00e9 varianty.\u00a0Pre tento mark\u00edz pon\u00fakame\u00a010-ro\u010dn\u00fa z\u00e1ruku na n\u00e1kup n\u00e1hradn\u00fdch dielov\u00a0od d\u00e1tumu n\u00e1kupu.","og_url":"https:\/\/www.lacnekontajnery.sk\/eshop\/produkt\/party-stan-3x6-m-pe-plachta-240-g-m\u00b2-sivobiela\/","og_site_name":"Profisklad- najlacnej\u0161ie rie\u0161enie pre V\u00e1\u0161 sklad","article_modified_time":"2021-12-31T14:51:58+00:00","og_image":[{"width":640,"height":480,"url":"https:\/\/www.lacnekontajnery.sk\/eshop\/wp-content\/uploads\/2021\/12\/Screenshot-2021-12-31-at-15-40-05-4x8-m-Partyzelt-PE-Plane-180-g-m\u00b2-weis-Profizelt24-1.jpg","type":"image\/jpeg"}],"twitter_card":"summary_large_image","twitter_misc":{"Predpokladan\u00fd \u010das \u010d\u00edtania":"2 min\u00faty"},"schema":{"@context":"https:\/\/schema.org","@graph":[{"@type":"WebPage","@id":"https:\/\/www.lacnekontajnery.sk\/eshop\/produkt\/party-stan-3x6-m-pe-plachta-240-g-m%c2%b2-sivobiela\/","url":"https:\/\/www.lacnekontajnery.sk\/eshop\/produkt\/party-stan-3x6-m-pe-plachta-240-g-m%c2%b2-sivobiela\/","name":"P\u00e1rty stan 3x6 m, PE plachta 240 g \/ m\u00b2, sivobiela - Profisklad- najlacnej\u0161ie rie\u0161enie pre V\u00e1\u0161 sklad","isPartOf":{"@id":"https:\/\/www.lacnekontajnery.sk\/eshop\/#website"},"datePublished":"2021-12-27T11:48:56+00:00","dateModified":"2021-12-31T14:51:58+00:00","breadcrumb":{"@id":"https:\/\/www.lacnekontajnery.sk\/eshop\/produkt\/party-stan-3x6-m-pe-plachta-240-g-m%c2%b2-sivobiela\/#breadcrumb"},"inLanguage":"sk-SK","potentialAction":[{"@type":"ReadAction","target":["https:\/\/www.lacnekontajnery.sk\/eshop\/produkt\/party-stan-3x6-m-pe-plachta-240-g-m%c2%b2-sivobiela\/"]}]},{"@type":"BreadcrumbList","@id":"https:\/\/www.lacnekontajnery.sk\/eshop\/produkt\/party-stan-3x6-m-pe-plachta-240-g-m%c2%b2-sivobiela\/#breadcrumb","itemListElement":[{"@type":"ListItem","position":1,"name":"Home","item":"https:\/\/www.lacnekontajnery.sk\/eshop\/"},{"@type":"ListItem","position":2,"name":"Obchod","item":"https:\/\/www.lacnekontajnery.sk\/eshop\/obchod\/"},{"@type":"ListItem","position":3,"name":"P\u00e1rty stan 3&#215;6 m, PE plachta 240 g \/ m\u00b2, sivobiela"}]},{"@type":"WebSite","@id":"https:\/\/www.lacnekontajnery.sk\/eshop\/#website","url":"https:\/\/www.lacnekontajnery.sk\/eshop\/","name":"Profisklad- najlacnej\u0161ie rie\u0161enie pre V\u00e1\u0161 sklad","description":"Profesion\u00e1lne sklady","publisher":{"@id":"https:\/\/www.lacnekontajnery.sk\/eshop\/#organization"},"potentialAction":[{"@type":"SearchAction","target":{"@type":"EntryPoint","urlTemplate":"https:\/\/www.lacnekontajnery.sk\/eshop\/?s={search_term_string}"},"query-input":"required name=search_term_string"}],"inLanguage":"sk-SK"},{"@type":"Organization","@id":"https:\/\/www.lacnekontajnery.sk\/eshop\/#organization","name":"Profisklad- r\u00fdchle a lacn\u00e9 skladovanie","url":"https:\/\/www.lacnekontajnery.sk\/eshop\/","logo":{"@type":"ImageObject","inLanguage":"sk-SK","@id":"https:\/\/www.lacnekontajnery.sk\/eshop\/#\/schema\/logo\/image\/","url":"https:\/\/www.lacnekontajnery.sk\/eshop\/wp-content\/uploads\/2020\/07\/facebook_cover_photo_1.png","contentUrl":"https:\/\/www.lacnekontajnery.sk\/eshop\/wp-content\/uploads\/2020\/07\/facebook_cover_photo_1.png","width":1640,"height":624,"caption":"Profisklad- r\u00fdchle a lacn\u00e9 skladovanie"},"image":{"@id":"https:\/\/www.lacnekontajnery.sk\/eshop\/#\/schema\/logo\/image\/"}}]}},"jetpack_sharing_enabled":true,"_links":{"self":[{"href":"https:\/\/www.lacnekontajnery.sk\/eshop\/wp-json\/wp\/v2\/product\/1620"}],"collection":[{"href":"https:\/\/www.lacnekontajnery.sk\/eshop\/wp-json\/wp\/v2\/product"}],"about":[{"href":"https:\/\/www.lacnekontajnery.sk\/eshop\/wp-json\/wp\/v2\/types\/product"}],"replies":[{"embeddable":true,"href":"https:\/\/www.lacnekontajnery.sk\/eshop\/wp-json\/wp\/v2\/comments?post=1620"}],"wp:featuredmedia":[{"embeddable":true,"href":"https:\/\/www.lacnekontajnery.sk\/eshop\/wp-json\/wp\/v2\/media\/1697"}],"wp:attachment":[{"href":"https:\/\/www.lacnekontajnery.sk\/eshop\/wp-json\/wp\/v2\/media?parent=1620"}],"wp:term":[{"taxonomy":"product_cat","embeddable":true,"href":"https:\/\/www.lacnekontajnery.sk\/eshop\/wp-json\/wp\/v2\/product_cat?post=1620"},{"taxonomy":"product_tag","embeddable":true,"href":"https:\/\/www.lacnekontajnery.sk\/eshop\/wp-json\/wp\/v2\/product_tag?post=1620"}],"curies":[{"name":"wp","href":"https:\/\/api.w.org\/{rel}","templated":true}]}}