{"id":1654,"date":"2021-12-29T13:36:53","date_gmt":"2021-12-29T12:36:53","guid":{"rendered":"https:\/\/www.lacnekontajnery.sk\/eshop\/?post_type=product&#038;p=1654"},"modified":"2023-04-11T14:33:08","modified_gmt":"2023-04-11T12:33:08","slug":"velmi-stabilna-kruhova-oblukova-hala-915-m-x-20-m-x-45-m-pe-350-g-m%c2%b2-bielazelena","status":"publish","type":"product","link":"https:\/\/www.lacnekontajnery.sk\/eshop\/produkt\/velmi-stabilna-kruhova-oblukova-hala-915-m-x-20-m-x-45-m-pe-350-g-m%c2%b2-bielazelena\/","title":{"rendered":"Ve\u013emi stabiln\u00e1 kruhov\u00e1 obl\u00fakov\u00e1 hala 9,15 m x 20 m x 4,5 m &#8211; PE 350 g \/ m\u00b2 biela,zelen\u00e1"},"content":{"rendered":"<ul class=\"bullit\">\n<li class=\"bullit-item\"><strong>DIN EN 1990<\/strong><\/li>\n<li class=\"bullit-item\"><strong>DIN EN 1991<\/strong><\/li>\n<li class=\"bullit-item\"><strong>DIN EN 1993<\/strong><\/li>\n<\/ul>\n<ul>\n<li id=\"tw-target-text\" class=\"tw-data-text tw-text-large tw-ta\" dir=\"ltr\" data-placeholder=\"Preklad\"><span class=\"Y2IQFc\" lang=\"sk\">Z\u00e1ruka 1 rok na uzavret\u00fa, spr\u00e1vne namontovan\u00fa PE plachtu\u00a0<\/span><\/li>\n<li class=\"tw-data-text tw-text-large tw-ta\" dir=\"ltr\" data-placeholder=\"Preklad\"><span class=\"Y2IQFc\" lang=\"sk\"> Materi\u00e1l PE m\u00e1 hr\u00fabku cca 350 g\/m\u00b2 <\/span><\/li>\n<li class=\"tw-data-text tw-text-large tw-ta\" dir=\"ltr\" data-placeholder=\"Preklad\"><span class=\"Y2IQFc\" lang=\"sk\"> \u0160vy s\u00fa dvakr\u00e1t pre\u0161it\u00e9 a strojovo prelepen\u00e9 p\u00e1skou <\/span><\/li>\n<li class=\"tw-data-text tw-text-large tw-ta\" dir=\"ltr\" data-placeholder=\"Preklad\"><span class=\"Y2IQFc\" lang=\"sk\">Vysok\u00e1 UV odolnos\u0165 a vynikaj\u00faca UV ochrana <\/span><\/li>\n<li class=\"tw-data-text tw-text-large tw-ta\" dir=\"ltr\" data-placeholder=\"Preklad\"><span class=\"Y2IQFc\" lang=\"sk\">100% vodotesn\u00fd <\/span><\/li>\n<li class=\"tw-data-text tw-text-large tw-ta\" dir=\"ltr\" data-placeholder=\"Preklad\"><span class=\"Y2IQFc\" lang=\"sk\">Robustn\u00e1 stre\u0161n\u00e1 plachta z jedn\u00e9ho kusu\u00a0<\/span><\/li>\n<li class=\"tw-data-text tw-text-large tw-ta\" dir=\"ltr\" data-placeholder=\"Preklad\"><span class=\"Y2IQFc\" lang=\"sk\"> Vysokov\u00fdkonn\u00e9 s\u0165ahovacie dvere na oboch koncoch \u0161t\u00edtu pre r\u00fdchle a jednoduch\u00e9 pou\u017eitie <\/span><\/li>\n<li class=\"tw-data-text tw-text-large tw-ta\" dir=\"ltr\" data-placeholder=\"Preklad\"><span class=\"Y2IQFc\" lang=\"sk\">Kvalitn\u00e9 a odoln\u00e9 zipsy pre r\u00fdchle otv\u00e1ranie vstupov pre chodcov <\/span><\/li>\n<li class=\"tw-data-text tw-text-large tw-ta\" dir=\"ltr\" data-placeholder=\"Preklad\"><span class=\"Y2IQFc\" lang=\"sk\">Profesion\u00e1lny p\u00e1sov\u00fd syst\u00e9m sa pou\u017e\u00edva na regul\u00e1ciu napnutia plachty a nepretr\u017eite zais\u0165uje dokonal\u00e9 prisp\u00f4sobenie a optim\u00e1lnu stabilitu <\/span><\/li>\n<li class=\"tw-data-text tw-text-large tw-ta\" dir=\"ltr\" data-placeholder=\"Preklad\"><span class=\"Y2IQFc\" lang=\"sk\">Pr\u00eddavn\u00e9 nap\u00ednacie lano v koncoch \u0161t\u00edtov udr\u017euje stre\u0161n\u00fa plachtu v perfektnom tvare <\/span><\/li>\n<li class=\"tw-data-text tw-text-large tw-ta\" dir=\"ltr\" data-placeholder=\"Preklad\"><span class=\"Y2IQFc\" lang=\"sk\">Vstavan\u00e9 vetracie okn\u00e1 na \u0161t\u00edtov\u00fdch stran\u00e1ch zabezpe\u010duj\u00fa optim\u00e1lnu cirkul\u00e1ciu vzduchu a v\u00fdborn\u00fa vn\u00fatorn\u00fa kl\u00edmu <\/span><\/li>\n<li class=\"tw-data-text tw-text-large tw-ta\" dir=\"ltr\" data-placeholder=\"Preklad\"><span class=\"Y2IQFc\" lang=\"sk\"> Nerezov\u00e9 o\u010dk\u00e1 vyroben\u00e9 z mosadze <\/span><\/li>\n<li class=\"tw-data-text tw-text-large tw-ta\" dir=\"ltr\" data-placeholder=\"Preklad\"><span class=\"Y2IQFc\" lang=\"sk\">Svetl\u00e1 plachta odr\u00e1\u017ea slne\u010dn\u00e9 svetlo. To vytv\u00e1ra menej tepla na plachte a predl\u017euje \u017eivotnos\u0165<\/span><\/li>\n<li dir=\"ltr\" data-placeholder=\"Preklad\"><img decoding=\"async\" class=\"aligncenter\" src=\"https:\/\/cdn.profizelt24.de\/\/media\/IMG-AMZ\/RBH-9,15x20.jpg\" alt=\"Der Abstand der Vertikal-B\u00f6gen betr\u00e4gt 2 m.\" \/><\/li>\n<\/ul>\n","protected":false},"excerpt":{"rendered":"<ul>\n<li id=\"tw-target-text-container\" class=\"tw-ta-container F0azHf tw-nfl\" tabindex=\"0\">\n<h5 id=\"tw-target-text\" class=\"tw-data-text tw-text-large tw-ta\" dir=\"ltr\" data-placeholder=\"Preklad\"><span class=\"Y2IQFc\" lang=\"sk\">Kon\u0161trukcia \u0161picatej sedlovej strechy umo\u017e\u0148uje obzvl\u00e1\u0161\u0165 \u013eahk\u00fd odtok zr\u00e1\u017eok <\/span><\/h5>\n<\/li>\n<li class=\"tw-ta-container F0azHf tw-nfl\" tabindex=\"0\">\n<h5 id=\"tw-target-text\" class=\"tw-data-text tw-text-large tw-ta\" dir=\"ltr\" data-placeholder=\"Preklad\"><span class=\"Y2IQFc\" lang=\"sk\">Robustn\u00e1 a odoln\u00e1 br\u00e1na na zips na oboch koncoch \u0161t\u00edtu<\/span><\/h5>\n<\/li>\n<li class=\"tw-ta-container F0azHf tw-nfl\" tabindex=\"0\">\n<h5 id=\"tw-target-text\" class=\"tw-data-text tw-text-large tw-ta\" dir=\"ltr\" data-placeholder=\"Preklad\"><span class=\"Y2IQFc\" lang=\"sk\"> Oce\u013eov\u00e1 pozinkovan\u00e1 kon\u0161trukcia so z\u00e1rukou 10 rokov <\/span><\/h5>\n<\/li>\n<li class=\"tw-ta-container F0azHf tw-nfl\" tabindex=\"0\">\n<h5 id=\"tw-target-text\" class=\"tw-data-text tw-text-large tw-ta\" dir=\"ltr\" data-placeholder=\"Preklad\"><span class=\"Y2IQFc\" lang=\"sk\">Oh\u0148ovzdorn\u00e1, extr\u00e9mne robustn\u00e1 a \u0165a\u017ek\u00e1 prim\u00e1rna plachta s 5-ro\u010dnou z\u00e1rukou<\/span><\/h5>\n<\/li>\n<\/ul>\n","protected":false},"featured_media":1645,"comment_status":"open","ping_status":"closed","template":"","meta":{"_monsterinsights_skip_tracking":false,"_monsterinsights_sitenote_active":false,"_monsterinsights_sitenote_note":"","_monsterinsights_sitenote_category":0},"product_cat":[23],"product_tag":[169],"yoast_head":"<!-- This site is optimized with the Yoast SEO plugin v21.9 - https:\/\/yoast.com\/wordpress\/plugins\/seo\/ -->\n<title>Ve\u013emi stabiln\u00e1 kruhov\u00e1 obl\u00fakov\u00e1 hala 9,15 m x 20 m x 4,5 m - PE 350 g \/ m\u00b2 biela,zelen\u00e1 - Profisklad- najlacnej\u0161ie rie\u0161enie pre V\u00e1\u0161 sklad<\/title>\n<meta name=\"description\" content=\"Nedostatok lodn\u00fdch kontajnerov rie\u0161te pr\u00e1ve touto pevnou halou s garanciou dlhej \u017eivotnosti.Pevn\u00e1 plachta a ide\u00e1lny rozmer pre materi\u00e1l.\" \/>\n<meta name=\"robots\" content=\"index, follow, max-snippet:-1, max-image-preview:large, max-video-preview:-1\" \/>\n<link rel=\"canonical\" href=\"https:\/\/www.lacnekontajnery.sk\/eshop\/produkt\/velmi-stabilna-kruhova-oblukova-hala-915-m-x-20-m-x-45-m-pe-350-g-m\u00b2-bielazelena\/\" \/>\n<meta property=\"og:locale\" content=\"sk_SK\" \/>\n<meta property=\"og:type\" content=\"article\" \/>\n<meta property=\"og:title\" content=\"Ve\u013emi stabiln\u00e1 kruhov\u00e1 obl\u00fakov\u00e1 hala 9,15 m x 20 m x 4,5 m - PE 350 g \/ m\u00b2 biela,zelen\u00e1 - Profisklad- najlacnej\u0161ie rie\u0161enie pre V\u00e1\u0161 sklad\" \/>\n<meta property=\"og:description\" content=\"Nedostatok lodn\u00fdch kontajnerov rie\u0161te pr\u00e1ve touto pevnou halou s garanciou dlhej \u017eivotnosti.Pevn\u00e1 plachta a ide\u00e1lny rozmer pre materi\u00e1l.\" \/>\n<meta property=\"og:url\" content=\"https:\/\/www.lacnekontajnery.sk\/eshop\/produkt\/velmi-stabilna-kruhova-oblukova-hala-915-m-x-20-m-x-45-m-pe-350-g-m\u00b2-bielazelena\/\" \/>\n<meta property=\"og:site_name\" content=\"Profisklad- najlacnej\u0161ie rie\u0161enie pre V\u00e1\u0161 sklad\" \/>\n<meta property=\"article:modified_time\" content=\"2023-04-11T12:33:08+00:00\" \/>\n<meta property=\"og:image\" content=\"https:\/\/www.lacnekontajnery.sk\/eshop\/wp-content\/uploads\/2021\/12\/Screenshot-2021-12-29-at-11-01-19-Sehr-stabile-Rundbogenhalle-915m-x-12m-x-45m-PE-350-g-m\u00b2-weis-Profizelt24.jpg\" \/>\n\t<meta property=\"og:image:width\" content=\"600\" \/>\n\t<meta property=\"og:image:height\" content=\"450\" \/>\n\t<meta property=\"og:image:type\" content=\"image\/jpeg\" \/>\n<meta name=\"twitter:card\" content=\"summary_large_image\" \/>\n<meta name=\"twitter:label1\" content=\"Predpokladan\u00fd \u010das \u010d\u00edtania\" \/>\n\t<meta name=\"twitter:data1\" content=\"1 min\u00fata\" \/>\n<script type=\"application\/ld+json\" class=\"yoast-schema-graph\">{\"@context\":\"https:\/\/schema.org\",\"@graph\":[{\"@type\":\"WebPage\",\"@id\":\"https:\/\/www.lacnekontajnery.sk\/eshop\/produkt\/velmi-stabilna-kruhova-oblukova-hala-915-m-x-20-m-x-45-m-pe-350-g-m%c2%b2-bielazelena\/\",\"url\":\"https:\/\/www.lacnekontajnery.sk\/eshop\/produkt\/velmi-stabilna-kruhova-oblukova-hala-915-m-x-20-m-x-45-m-pe-350-g-m%c2%b2-bielazelena\/\",\"name\":\"Ve\u013emi stabiln\u00e1 kruhov\u00e1 obl\u00fakov\u00e1 hala 9,15 m x 20 m x 4,5 m - PE 350 g \/ m\u00b2 biela,zelen\u00e1 - Profisklad- najlacnej\u0161ie rie\u0161enie pre V\u00e1\u0161 sklad\",\"isPartOf\":{\"@id\":\"https:\/\/www.lacnekontajnery.sk\/eshop\/#website\"},\"datePublished\":\"2021-12-29T12:36:53+00:00\",\"dateModified\":\"2023-04-11T12:33:08+00:00\",\"description\":\"Nedostatok lodn\u00fdch kontajnerov rie\u0161te pr\u00e1ve touto pevnou halou s garanciou dlhej \u017eivotnosti.Pevn\u00e1 plachta a ide\u00e1lny rozmer pre materi\u00e1l.\",\"breadcrumb\":{\"@id\":\"https:\/\/www.lacnekontajnery.sk\/eshop\/produkt\/velmi-stabilna-kruhova-oblukova-hala-915-m-x-20-m-x-45-m-pe-350-g-m%c2%b2-bielazelena\/#breadcrumb\"},\"inLanguage\":\"sk-SK\",\"potentialAction\":[{\"@type\":\"ReadAction\",\"target\":[\"https:\/\/www.lacnekontajnery.sk\/eshop\/produkt\/velmi-stabilna-kruhova-oblukova-hala-915-m-x-20-m-x-45-m-pe-350-g-m%c2%b2-bielazelena\/\"]}]},{\"@type\":\"BreadcrumbList\",\"@id\":\"https:\/\/www.lacnekontajnery.sk\/eshop\/produkt\/velmi-stabilna-kruhova-oblukova-hala-915-m-x-20-m-x-45-m-pe-350-g-m%c2%b2-bielazelena\/#breadcrumb\",\"itemListElement\":[{\"@type\":\"ListItem\",\"position\":1,\"name\":\"Home\",\"item\":\"https:\/\/www.lacnekontajnery.sk\/eshop\/\"},{\"@type\":\"ListItem\",\"position\":2,\"name\":\"Obchod\",\"item\":\"https:\/\/www.lacnekontajnery.sk\/eshop\/obchod\/\"},{\"@type\":\"ListItem\",\"position\":3,\"name\":\"Ve\u013emi stabiln\u00e1 kruhov\u00e1 obl\u00fakov\u00e1 hala 9,15 m x 20 m x 4,5 m &#8211; PE 350 g \/ m\u00b2 biela,zelen\u00e1\"}]},{\"@type\":\"WebSite\",\"@id\":\"https:\/\/www.lacnekontajnery.sk\/eshop\/#website\",\"url\":\"https:\/\/www.lacnekontajnery.sk\/eshop\/\",\"name\":\"Profisklad- najlacnej\u0161ie rie\u0161enie pre V\u00e1\u0161 sklad\",\"description\":\"Profesion\u00e1lne sklady\",\"publisher\":{\"@id\":\"https:\/\/www.lacnekontajnery.sk\/eshop\/#organization\"},\"potentialAction\":[{\"@type\":\"SearchAction\",\"target\":{\"@type\":\"EntryPoint\",\"urlTemplate\":\"https:\/\/www.lacnekontajnery.sk\/eshop\/?s={search_term_string}\"},\"query-input\":\"required name=search_term_string\"}],\"inLanguage\":\"sk-SK\"},{\"@type\":\"Organization\",\"@id\":\"https:\/\/www.lacnekontajnery.sk\/eshop\/#organization\",\"name\":\"Profisklad- r\u00fdchle a lacn\u00e9 skladovanie\",\"url\":\"https:\/\/www.lacnekontajnery.sk\/eshop\/\",\"logo\":{\"@type\":\"ImageObject\",\"inLanguage\":\"sk-SK\",\"@id\":\"https:\/\/www.lacnekontajnery.sk\/eshop\/#\/schema\/logo\/image\/\",\"url\":\"https:\/\/www.lacnekontajnery.sk\/eshop\/wp-content\/uploads\/2020\/07\/facebook_cover_photo_1.png\",\"contentUrl\":\"https:\/\/www.lacnekontajnery.sk\/eshop\/wp-content\/uploads\/2020\/07\/facebook_cover_photo_1.png\",\"width\":1640,\"height\":624,\"caption\":\"Profisklad- r\u00fdchle a lacn\u00e9 skladovanie\"},\"image\":{\"@id\":\"https:\/\/www.lacnekontajnery.sk\/eshop\/#\/schema\/logo\/image\/\"}}]}<\/script>\n<!-- \/ Yoast SEO plugin. -->","yoast_head_json":{"title":"Ve\u013emi stabiln\u00e1 kruhov\u00e1 obl\u00fakov\u00e1 hala 9,15 m x 20 m x 4,5 m - PE 350 g \/ m\u00b2 biela,zelen\u00e1 - Profisklad- najlacnej\u0161ie rie\u0161enie pre V\u00e1\u0161 sklad","description":"Nedostatok lodn\u00fdch kontajnerov rie\u0161te pr\u00e1ve touto pevnou halou s garanciou dlhej \u017eivotnosti.Pevn\u00e1 plachta a ide\u00e1lny rozmer pre materi\u00e1l.","robots":{"index":"index","follow":"follow","max-snippet":"max-snippet:-1","max-image-preview":"max-image-preview:large","max-video-preview":"max-video-preview:-1"},"canonical":"https:\/\/www.lacnekontajnery.sk\/eshop\/produkt\/velmi-stabilna-kruhova-oblukova-hala-915-m-x-20-m-x-45-m-pe-350-g-m\u00b2-bielazelena\/","og_locale":"sk_SK","og_type":"article","og_title":"Ve\u013emi stabiln\u00e1 kruhov\u00e1 obl\u00fakov\u00e1 hala 9,15 m x 20 m x 4,5 m - PE 350 g \/ m\u00b2 biela,zelen\u00e1 - Profisklad- najlacnej\u0161ie rie\u0161enie pre V\u00e1\u0161 sklad","og_description":"Nedostatok lodn\u00fdch kontajnerov rie\u0161te pr\u00e1ve touto pevnou halou s garanciou dlhej \u017eivotnosti.Pevn\u00e1 plachta a ide\u00e1lny rozmer pre materi\u00e1l.","og_url":"https:\/\/www.lacnekontajnery.sk\/eshop\/produkt\/velmi-stabilna-kruhova-oblukova-hala-915-m-x-20-m-x-45-m-pe-350-g-m\u00b2-bielazelena\/","og_site_name":"Profisklad- najlacnej\u0161ie rie\u0161enie pre V\u00e1\u0161 sklad","article_modified_time":"2023-04-11T12:33:08+00:00","og_image":[{"width":600,"height":450,"url":"https:\/\/www.lacnekontajnery.sk\/eshop\/wp-content\/uploads\/2021\/12\/Screenshot-2021-12-29-at-11-01-19-Sehr-stabile-Rundbogenhalle-915m-x-12m-x-45m-PE-350-g-m\u00b2-weis-Profizelt24.jpg","type":"image\/jpeg"}],"twitter_card":"summary_large_image","twitter_misc":{"Predpokladan\u00fd \u010das \u010d\u00edtania":"1 min\u00fata"},"schema":{"@context":"https:\/\/schema.org","@graph":[{"@type":"WebPage","@id":"https:\/\/www.lacnekontajnery.sk\/eshop\/produkt\/velmi-stabilna-kruhova-oblukova-hala-915-m-x-20-m-x-45-m-pe-350-g-m%c2%b2-bielazelena\/","url":"https:\/\/www.lacnekontajnery.sk\/eshop\/produkt\/velmi-stabilna-kruhova-oblukova-hala-915-m-x-20-m-x-45-m-pe-350-g-m%c2%b2-bielazelena\/","name":"Ve\u013emi stabiln\u00e1 kruhov\u00e1 obl\u00fakov\u00e1 hala 9,15 m x 20 m x 4,5 m - PE 350 g \/ m\u00b2 biela,zelen\u00e1 - Profisklad- najlacnej\u0161ie rie\u0161enie pre V\u00e1\u0161 sklad","isPartOf":{"@id":"https:\/\/www.lacnekontajnery.sk\/eshop\/#website"},"datePublished":"2021-12-29T12:36:53+00:00","dateModified":"2023-04-11T12:33:08+00:00","description":"Nedostatok lodn\u00fdch kontajnerov rie\u0161te pr\u00e1ve touto pevnou halou s garanciou dlhej \u017eivotnosti.Pevn\u00e1 plachta a ide\u00e1lny rozmer pre materi\u00e1l.","breadcrumb":{"@id":"https:\/\/www.lacnekontajnery.sk\/eshop\/produkt\/velmi-stabilna-kruhova-oblukova-hala-915-m-x-20-m-x-45-m-pe-350-g-m%c2%b2-bielazelena\/#breadcrumb"},"inLanguage":"sk-SK","potentialAction":[{"@type":"ReadAction","target":["https:\/\/www.lacnekontajnery.sk\/eshop\/produkt\/velmi-stabilna-kruhova-oblukova-hala-915-m-x-20-m-x-45-m-pe-350-g-m%c2%b2-bielazelena\/"]}]},{"@type":"BreadcrumbList","@id":"https:\/\/www.lacnekontajnery.sk\/eshop\/produkt\/velmi-stabilna-kruhova-oblukova-hala-915-m-x-20-m-x-45-m-pe-350-g-m%c2%b2-bielazelena\/#breadcrumb","itemListElement":[{"@type":"ListItem","position":1,"name":"Home","item":"https:\/\/www.lacnekontajnery.sk\/eshop\/"},{"@type":"ListItem","position":2,"name":"Obchod","item":"https:\/\/www.lacnekontajnery.sk\/eshop\/obchod\/"},{"@type":"ListItem","position":3,"name":"Ve\u013emi stabiln\u00e1 kruhov\u00e1 obl\u00fakov\u00e1 hala 9,15 m x 20 m x 4,5 m &#8211; PE 350 g \/ m\u00b2 biela,zelen\u00e1"}]},{"@type":"WebSite","@id":"https:\/\/www.lacnekontajnery.sk\/eshop\/#website","url":"https:\/\/www.lacnekontajnery.sk\/eshop\/","name":"Profisklad- najlacnej\u0161ie rie\u0161enie pre V\u00e1\u0161 sklad","description":"Profesion\u00e1lne sklady","publisher":{"@id":"https:\/\/www.lacnekontajnery.sk\/eshop\/#organization"},"potentialAction":[{"@type":"SearchAction","target":{"@type":"EntryPoint","urlTemplate":"https:\/\/www.lacnekontajnery.sk\/eshop\/?s={search_term_string}"},"query-input":"required name=search_term_string"}],"inLanguage":"sk-SK"},{"@type":"Organization","@id":"https:\/\/www.lacnekontajnery.sk\/eshop\/#organization","name":"Profisklad- r\u00fdchle a lacn\u00e9 skladovanie","url":"https:\/\/www.lacnekontajnery.sk\/eshop\/","logo":{"@type":"ImageObject","inLanguage":"sk-SK","@id":"https:\/\/www.lacnekontajnery.sk\/eshop\/#\/schema\/logo\/image\/","url":"https:\/\/www.lacnekontajnery.sk\/eshop\/wp-content\/uploads\/2020\/07\/facebook_cover_photo_1.png","contentUrl":"https:\/\/www.lacnekontajnery.sk\/eshop\/wp-content\/uploads\/2020\/07\/facebook_cover_photo_1.png","width":1640,"height":624,"caption":"Profisklad- r\u00fdchle a lacn\u00e9 skladovanie"},"image":{"@id":"https:\/\/www.lacnekontajnery.sk\/eshop\/#\/schema\/logo\/image\/"}}]}},"jetpack_sharing_enabled":true,"_links":{"self":[{"href":"https:\/\/www.lacnekontajnery.sk\/eshop\/wp-json\/wp\/v2\/product\/1654"}],"collection":[{"href":"https:\/\/www.lacnekontajnery.sk\/eshop\/wp-json\/wp\/v2\/product"}],"about":[{"href":"https:\/\/www.lacnekontajnery.sk\/eshop\/wp-json\/wp\/v2\/types\/product"}],"replies":[{"embeddable":true,"href":"https:\/\/www.lacnekontajnery.sk\/eshop\/wp-json\/wp\/v2\/comments?post=1654"}],"wp:featuredmedia":[{"embeddable":true,"href":"https:\/\/www.lacnekontajnery.sk\/eshop\/wp-json\/wp\/v2\/media\/1645"}],"wp:attachment":[{"href":"https:\/\/www.lacnekontajnery.sk\/eshop\/wp-json\/wp\/v2\/media?parent=1654"}],"wp:term":[{"taxonomy":"product_cat","embeddable":true,"href":"https:\/\/www.lacnekontajnery.sk\/eshop\/wp-json\/wp\/v2\/product_cat?post=1654"},{"taxonomy":"product_tag","embeddable":true,"href":"https:\/\/www.lacnekontajnery.sk\/eshop\/wp-json\/wp\/v2\/product_tag?post=1654"}],"curies":[{"name":"wp","href":"https:\/\/api.w.org\/{rel}","templated":true}]}}