{"id":61,"date":"2020-07-09T08:20:14","date_gmt":"2020-07-09T06:20:14","guid":{"rendered":"https:\/\/www.lacnekontajnery.sk\/eshop\/?post_type=product&#038;p=61"},"modified":"2024-02-07T11:03:58","modified_gmt":"2024-02-07T10:03:58","slug":"pristresok-na-lodny-kontajner-8x6m-350-g-m2","status":"publish","type":"product","link":"https:\/\/www.lacnekontajnery.sk\/eshop\/produkt\/pristresok-na-lodny-kontajner-8x6m-350-g-m2\/","title":{"rendered":"Pr\u00edstre\u0161ok na lodn\u00fd kontajner 8x6m PE 1400 oh\u0148ovzdorn\u00fd"},"content":{"rendered":"<ul>\n<li><strong>Mo\u017enosti pou\u017eitia :<\/strong><\/li>\n<\/ul>\n<p>Vhodn\u00e9 pre zastre\u0161enie kontajnerov alebo s\u00edl.<img decoding=\"async\" loading=\"lazy\" class=\" wp-image-38 alignright\" src=\"https:\/\/www.lacnekontajnery.sk\/eshop\/wp-content\/uploads\/2020\/07\/Main--300x223.jpg\" alt=\"\" width=\"241\" height=\"179\" srcset=\"https:\/\/www.lacnekontajnery.sk\/eshop\/wp-content\/uploads\/2020\/07\/Main--300x223.jpg 300w, https:\/\/www.lacnekontajnery.sk\/eshop\/wp-content\/uploads\/2020\/07\/Main--416x309.jpg 416w, https:\/\/www.lacnekontajnery.sk\/eshop\/wp-content\/uploads\/2020\/07\/Main--1024x760.jpg 1024w, https:\/\/www.lacnekontajnery.sk\/eshop\/wp-content\/uploads\/2020\/07\/Main--768x570.jpg 768w, https:\/\/www.lacnekontajnery.sk\/eshop\/wp-content\/uploads\/2020\/07\/Main-.jpg 1033w\" sizes=\"(max-width: 241px) 100vw, 241px\" \/><br \/>\nSkladovacie alebo pracovn\u00e9 priestory odoln\u00e9 vo\u010di vplyvom po\u010dasia pre stavenisk\u00e1, priemysel a po\u013enohospod\u00e1rstvo.<br \/>\nBezpe\u010dn\u00fd stojan na materi\u00e1ly, vozidl\u00e1 a stroje .D\u00e1 sa flexibilne nastavi\u0165 a demontova\u0165, napr. na do\u010dasn\u00e9 pou\u017eitie na stavenisk\u00e1ch<br \/>\nVhodn\u00fd na kr\u00e1tkodob\u00e9 aj dlhodob\u00e9 pou\u017eitie re feren\u010dn\u00fd pr\u00edklad: Zastre\u0161enie kontajnerov ako pr\u00edstre\u0161ok pre sklad.<\/p>\n<p><strong><img decoding=\"async\" loading=\"lazy\" class=\"alignnone size-medium wp-image-1116\" src=\"https:\/\/www.lacnekontajnery.sk\/eshop\/wp-content\/uploads\/2020\/07\/CON-8x6x3-1-300x225.jpg\" alt=\"\" width=\"300\" height=\"225\" srcset=\"https:\/\/www.lacnekontajnery.sk\/eshop\/wp-content\/uploads\/2020\/07\/CON-8x6x3-1-300x225.jpg 300w, https:\/\/www.lacnekontajnery.sk\/eshop\/wp-content\/uploads\/2020\/07\/CON-8x6x3-1-416x312.jpg 416w, https:\/\/www.lacnekontajnery.sk\/eshop\/wp-content\/uploads\/2020\/07\/CON-8x6x3-1.jpg 640w\" sizes=\"(max-width: 300px) 100vw, 300px\" \/><\/strong><\/p>\n<ul>\n<li><strong>Statick\u00e1 vlastnos\u0165 :<\/strong><\/li>\n<\/ul>\n<div id=\"sppb-ac-content-1580068588948-key-0\" class=\"sppb-panel-collapse\" aria-labelledby=\"sppb-ac-heading-1580068588948-key-0\">\n<div class=\"sppb-panel-body\">\n<div id=\"sppb-addon-wrapper-1580068588971\" class=\"sppb-addon-wrapper\">\n<div id=\"sppb-addon-1580068588971\" class=\"clearfix \">\n<div class=\"sppb-addon sppb-addon-text-block \">\n<div class=\"sppb-addon-content\">\n<p>Vysok\u00e1 \u00farove\u0148 bezpe\u010dnosti: Statiku zostavila nemeck\u00e1 stroj\u00e1rska firma registrovan\u00e1 v Asoci\u00e1cii konzulta\u010dn\u00fdch technikov (VBI).<\/p>\n<p>\u00dapln\u00e1 odolnos\u0165 proti za\u0165a\u017eeniu vetrom pod\u013ea DIN EN 1991, t.j. \u00fapln\u00e1 stabilita pri maxim\u00e1lnom vetre. Vetern\u00e1 energia 10 a viac nevytv\u00e1ra \u017eiadny probl\u00e9m s t\u00fdmto produktom * 5) \u00danosnos\u0165 napr\u00edklad snehu bola testovan\u00e1 ako s\u00fa\u010das\u0165 statiky. V\u00fdsledky s\u00fa uveden\u00e9 v kg \/ m\u00b2. * 7)<\/p>\n<p>Statika vyhovuje nasleduj\u00facim norm\u00e1m DIN: <img decoding=\"async\" loading=\"lazy\" class=\"wp-image-55 alignright\" src=\"https:\/\/www.lacnekontajnery.sk\/eshop\/wp-content\/uploads\/2020\/07\/BTX_STAT-300x225.jpg\" alt=\"statika\" width=\"231\" height=\"173\" srcset=\"https:\/\/www.lacnekontajnery.sk\/eshop\/wp-content\/uploads\/2020\/07\/BTX_STAT-300x225.jpg 300w, https:\/\/www.lacnekontajnery.sk\/eshop\/wp-content\/uploads\/2020\/07\/BTX_STAT-416x312.jpg 416w, https:\/\/www.lacnekontajnery.sk\/eshop\/wp-content\/uploads\/2020\/07\/BTX_STAT.jpg 640w\" sizes=\"(max-width: 231px) 100vw, 231px\" \/><\/p>\n<p>DIN EN 1990<\/p>\n<p>DIN EN 1991<\/p>\n<p>DIN EN 1993<\/p>\n<p>Statick\u00e1 kniha, ako aj v\u0161etka statick\u00e1 ochrana potrebn\u00e1 na zostavenie, s\u00fa s\u00fa\u010das\u0165ou balenia V\u00fdpo\u010dty obsiahnut\u00e9 v statickej knihe s\u00fa \u00fapln\u00e9 a pod\u013ea potreby vhodn\u00e9 na predlo\u017eenie org\u00e1nom verejnej moci.<\/p>\n<ul>\n<li><strong><span class=\"sppb-panel-title\" aria-label=\"Kon\u0161trukcia\">Kon\u0161trukcia<\/span>:<\/strong><\/li>\n<\/ul>\n<div class=\"sppb-panel-body\">\n<div id=\"sppb-addon-wrapper-1580068846603\" class=\"sppb-addon-wrapper\">\n<div id=\"sppb-addon-1580068846603\" class=\"clearfix \">\n<div class=\"sppb-addon sppb-addon-text-block \">\n<div class=\"sppb-addon-content\">\n<p>Mimoriadne vysok\u00e1 stabilita v\u010faka vertik\u00e1lnym obl\u00fakom <img decoding=\"async\" loading=\"lazy\" class=\"size-medium wp-image-53 alignright\" src=\"https:\/\/www.lacnekontajnery.sk\/eshop\/wp-content\/uploads\/2020\/07\/06_Container_Ueberdachung_6x6m-300x187.jpg\" alt=\"\" width=\"300\" height=\"187\" srcset=\"https:\/\/www.lacnekontajnery.sk\/eshop\/wp-content\/uploads\/2020\/07\/06_Container_Ueberdachung_6x6m-300x187.jpg 300w, https:\/\/www.lacnekontajnery.sk\/eshop\/wp-content\/uploads\/2020\/07\/06_Container_Ueberdachung_6x6m-416x259.jpg 416w, https:\/\/www.lacnekontajnery.sk\/eshop\/wp-content\/uploads\/2020\/07\/06_Container_Ueberdachung_6x6m.jpg 634w\" sizes=\"(max-width: 300px) 100vw, 300px\" \/><\/p>\n<p>Plne pozinkovan\u00fd, extr\u00e9mne pevn\u00fd r\u00e1m vyroben\u00fd z oce\u013eov\u00fdch r\u00far chr\u00e1nen\u00fdch proti kor\u00f3zii<\/p>\n<p>Priemer: vertik\u00e1lny pribli\u017ene 48 mm \/ horizont\u00e1lny pribli\u017ene 34 mm<\/p>\n<p>Hr\u00fabka steny: vertik\u00e1lne pribli\u017ene 1,6 mm \/ horizont\u00e1lne pribli\u017ene 1,4 mm Oce\u013eov\u00e9 r\u00fary prebiehaj\u00face vertik\u00e1lne s\u00fa spojen\u00e9 pomocou dvoch skrutiek M8 (dvojit\u00e9 skrutkovanie). Oce\u013eov\u00e9 r\u00fary prebiehaj\u00face horizont\u00e1lne s\u00fa v z\u00e1vislosti od priemeru priskrutkovan\u00e9 jednou alebo dvoma skrutkami k zvisl\u00fdm obl\u00fakom Pripojenie pomocou skrutiek s ploch\u00fdmi hrotmi a samosvorn\u00fdch mat\u00edc Ra\u010dne zahrnut\u00e9 v s\u00faprave u\u013eah\u010duj\u00fa spr\u00e1vne nap\u00ednanie stre\u0161nej plachty na oce\u013eovej kon\u0161trukcii<\/p>\n<p>Z\u00e1ruka :<\/p>\n<p>10-ro\u010dn\u00e1 antikor\u00f3zna z\u00e1ruka na r\u00e1m<\/p>\n<p>5-ro\u010dn\u00e1 z\u00e1ruka na uzavret\u00fa, spr\u00e1vne namontovan\u00fa plachtu z PVC<\/p>\n<p>10-ro\u010dn\u00e1 z\u00e1ruka na dod\u00e1vku n\u00e1hradn\u00fdch dielov<\/p>\n<p>R\u00fdchla, poisten\u00e1 preprava<\/p>\n<p>Na zlo\u017eenie je potrebn\u00fd manipula\u010dn\u00fd alebo vysokozdvi\u017en\u00fd voz\u00edk .<\/p>\n<ul>\n<li><strong>Mont\u00e1\u017e:<\/strong><\/li>\n<\/ul>\n<\/div>\n<\/div>\n<\/div>\n<\/div>\n<\/div>\n<\/div>\n<\/div>\n<\/div>\n<\/div>\n<\/div>\n<\/div>\n<div id=\"sppb-ac-content-1580068588948-key-4\" class=\"sppb-panel-collapse\" aria-labelledby=\"sppb-ac-heading-1580068588948-key-4\">\n<div class=\"sppb-panel-body\">\n<div id=\"sppb-addon-wrapper-1580068855294\" class=\"sppb-addon-wrapper\">\n<div id=\"sppb-addon-1580068855294\" class=\"clearfix \">\n<div class=\"sppb-addon sppb-addon-text-block \">\n<div class=\"sppb-addon-content\">\n<p>Podrobn\u00e9 pokyny pre mont\u00e1\u017e s ozna\u010den\u00edm dielu umo\u017e\u0148uj\u00fa r\u00fdchlu a nekomplikovan\u00fa mont\u00e1\u017e napriek ne<img decoding=\"async\" loading=\"lazy\" class=\" wp-image-56 alignright\" src=\"https:\/\/www.lacnekontajnery.sk\/eshop\/wp-content\/uploads\/2020\/07\/MAN_CON_B6L6-page-034-212x300.jpg\" alt=\"\" width=\"127\" height=\"180\" srcset=\"https:\/\/www.lacnekontajnery.sk\/eshop\/wp-content\/uploads\/2020\/07\/MAN_CON_B6L6-page-034-212x300.jpg 212w, https:\/\/www.lacnekontajnery.sk\/eshop\/wp-content\/uploads\/2020\/07\/MAN_CON_B6L6-page-034-scaled-416x588.jpg 416w, https:\/\/www.lacnekontajnery.sk\/eshop\/wp-content\/uploads\/2020\/07\/MAN_CON_B6L6-page-034-724x1024.jpg 724w, https:\/\/www.lacnekontajnery.sk\/eshop\/wp-content\/uploads\/2020\/07\/MAN_CON_B6L6-page-034-768x1086.jpg 768w, https:\/\/www.lacnekontajnery.sk\/eshop\/wp-content\/uploads\/2020\/07\/MAN_CON_B6L6-page-034-1086x1536.jpg 1086w, https:\/\/www.lacnekontajnery.sk\/eshop\/wp-content\/uploads\/2020\/07\/MAN_CON_B6L6-page-034-1448x2048.jpg 1448w, https:\/\/www.lacnekontajnery.sk\/eshop\/wp-content\/uploads\/2020\/07\/MAN_CON_B6L6-page-034-1568x2218.jpg 1568w, https:\/\/www.lacnekontajnery.sk\/eshop\/wp-content\/uploads\/2020\/07\/MAN_CON_B6L6-page-034-scaled.jpg 1810w\" sizes=\"(max-width: 127px) 100vw, 127px\" \/>dostatku sk\u00fasenost\u00ed je mo\u017en\u00e1 samostatn\u00e1 mont\u00e1\u017e.<\/p>\n<p>Na mont\u00e1\u017e posta\u010duj\u00fa v\u0161eobecn\u00e9 mont\u00e1\u017ene n\u00e1stroje<\/p>\n<p>Tip: Na kon\u0161trukciu kon\u0161trukcie a na le\u0161enie na koles\u00e1ch &#8211; no\u017enicov\u00fd v\u00fd\u0165ah at\u010f. Odpor\u00fa\u010dame pou\u017e\u00edva\u0165 zdv\u00edhacie zariadenie (vysokozdvi\u017en\u00fd voz\u00edk, naklada\u010d at\u010f.).<\/p>\n<p>Balenie: jedine\u010dn\u00e9, odoln\u00e9 dreven\u00e9 prepravky, ktor\u00e9 poskytuj\u00fa ochranu pred vlhkos\u0165ou a kor\u00f3ziouPod\u013ea potreby je mo\u017en\u00e9 strechu kontajnerov namontova\u0165 na oce\u013eov\u00e9 nosn\u00edky &#8211; potrebn\u00e9 upev\u0148ovacie syst\u00e9my s\u00fa u\u017e s\u00fa\u010das\u0165ou sady:Na pripevnenie kontajnerov s\u00fa k dispoz\u00edcii dva typy oce\u013eov\u00fdch upev\u0148ovac\u00edch kotiev a \u0161tyri pevn\u00e9 oce\u013eov\u00e9 platne umiestnen\u00e9 v syst\u00e9me Twistlock. \u010eal\u0161\u00edch \u0161es\u0165 sa pou\u017e\u00edva na pripevnenie r\u00e1mu.<\/p>\n<\/div>\n<\/div>\n<\/div>\n<\/div>\n<div class=\"QmZWSe\">\n<div class=\"DHcWmd\"><\/div>\n<\/div>\n<div class=\"oSioSc\">\n<div id=\"tw-target\">\n<div id=\"kAz1tf\" class=\"g9WsWb\">\n<div id=\"tw-target-text-container\" class=\"tw-ta-container hide-focus-ring tw-nfl\" tabindex=\"0\">\n<p id=\"tw-target-text\" class=\"tw-data-text tw-text-large XcVN5d tw-ta\" dir=\"ltr\" data-placeholder=\"Preklad\"><span lang=\"sk\">\u00a0<\/span><\/p>\n<div id=\"sppb-addon-wrapper-1580068855294\" class=\"sppb-addon-wrapper\">\n<div id=\"sppb-addon-1580068855294\" class=\"clearfix \">\n<div class=\"sppb-addon sppb-addon-text-block \">\n<div class=\"sppb-addon-content\">\n<p>&nbsp;<\/p>\n<\/div>\n<\/div>\n<\/div>\n<\/div>\n<\/div>\n<\/div>\n<\/div>\n<\/div>\n<\/div>\n<\/div>\n","protected":false},"excerpt":{"rendered":"<div id=\"sppb-ac-content-1580068588948-key-4\" class=\"sppb-panel-collapse\" aria-labelledby=\"sppb-ac-heading-1580068588948-key-4\">\n<div class=\"sppb-panel-body\">\n<div class=\"oSioSc\">\n<div id=\"tw-target\">\n<div id=\"kAz1tf\" class=\"g9WsWb\">\n<div id=\"tw-target-text-container\" class=\"tw-ta-container hide-focus-ring tw-nfl\" tabindex=\"0\">\n<div id=\"sppb-addon-wrapper-1580068855294\" class=\"sppb-addon-wrapper\">\n<div id=\"sppb-addon-1580068855294\" class=\"clearfix \">\n<div class=\"sppb-addon sppb-addon-text-block \">\n<div class=\"sppb-addon-content\">\n[contact-form][contact-field label=\"Meno\" type=\"name\"  required=\"true\" \/][contact-field label=\"E-mail\" type=\"email\" required=\"true\" \/][contact-field label=\"Webov\u00e1 str\u00e1nka\" type=\"url\" \/][contact-field label=\"Spr\u00e1va\" type=\"textarea\" \/][\/contact-form]\n<p><strong>Zastre\u0161enie kontajnerov &#8211; pevn\u00e9, praktick\u00e9 a flexibiln\u00e9 pri pou\u017e\u00edvan\u00ed.<\/strong><\/p>\n<h4>Extr\u00e9mne stabiln\u00e1 strecha kontajnerov s overenou statikou pre dlhodob\u00e9 pou\u017eitie je skon\u0161truovan\u00e1 z plne pozinkovan\u00e9ho, extr\u00e9mne pevn\u00e9ho oce\u013eov\u00e9ho r\u00farkov\u00e9ho r\u00e1mu chr\u00e1nen\u00e9ho proti kor\u00f3zii a z kvalitnej liatej PVC plachty s vzduchotesnou vn\u00fatornou tkaninou &#8211; ktor\u00e1 m\u00e1 9-kr\u00e1t v\u00e4\u010d\u0161iu odolnos\u0165 proti roztrhnutiu ako komer\u010dne dostupn\u00e9 plachty z PVC. Zaoblen\u00e1 strecha kontajnerov\u00e9ho pr\u00edstre\u0161ku zni\u017euje pevnos\u0165 vetra a zvy\u0161uje stabilitu. Strecha z PVC je mimoriadne odoln\u00e1, 100% vodeodoln\u00e1 a chr\u00e1ni pred UV 80+ \u017eiaren\u00edm, v\u010faka \u010domu poskytuje dokonal\u00fa ochranu pred slnkom, vetrom alebo b\u00farkou. Pr\u00edstre\u0161ok je vhodn\u00fd napr\u00edklad pre kontajnery alebo sil\u00e1.<\/h4>\n<\/div>\n<\/div>\n<\/div>\n<\/div>\n<\/div>\n<div id=\"tw-target-rmn-container\" class=\"tw-ta-container hide-focus-ring tw-nfl\"><\/div>\n<\/div>\n<\/div>\n<\/div>\n<\/div>\n<\/div>\n","protected":false},"featured_media":851,"comment_status":"open","ping_status":"closed","template":"","meta":{"_monsterinsights_skip_tracking":false,"_monsterinsights_sitenote_active":false,"_monsterinsights_sitenote_note":"","_monsterinsights_sitenote_category":0},"product_cat":[15],"product_tag":[58],"yoast_head":"<!-- This site is optimized with the Yoast SEO plugin v21.9 - https:\/\/yoast.com\/wordpress\/plugins\/seo\/ -->\n<title>Pr\u00edstre\u0161ok na lodn\u00fd kontajner 8x6m PE 1400 oh\u0148ovzdorn\u00fd - Profisklad- najlacnej\u0161ie rie\u0161enie pre V\u00e1\u0161 sklad<\/title>\n<meta name=\"description\" content=\"Pr\u00edstre\u0161ok, zastre\u0161enia, stanov\u00e9 haly, alt\u00e1nky. Zastre\u0161enie na lodn\u00e9 kontajnery v ponuke r\u00f4zne ve\u013ekosti.\" \/>\n<meta name=\"robots\" content=\"index, follow, max-snippet:-1, max-image-preview:large, max-video-preview:-1\" \/>\n<link rel=\"canonical\" href=\"https:\/\/www.lacnekontajnery.sk\/eshop\/produkt\/pristresok-na-lodny-kontajner-8x6m-350-g-m2\/\" \/>\n<meta property=\"og:locale\" content=\"sk_SK\" \/>\n<meta property=\"og:type\" content=\"article\" \/>\n<meta property=\"og:title\" content=\"Pr\u00edstre\u0161ok na lodn\u00fd kontajner 8x6m PE 1400 oh\u0148ovzdorn\u00fd - Profisklad- najlacnej\u0161ie rie\u0161enie pre V\u00e1\u0161 sklad\" \/>\n<meta property=\"og:description\" content=\"Pr\u00edstre\u0161ok, zastre\u0161enia, stanov\u00e9 haly, alt\u00e1nky. Zastre\u0161enie na lodn\u00e9 kontajnery v ponuke r\u00f4zne ve\u013ekosti.\" \/>\n<meta property=\"og:url\" content=\"https:\/\/www.lacnekontajnery.sk\/eshop\/produkt\/pristresok-na-lodny-kontajner-8x6m-350-g-m2\/\" \/>\n<meta property=\"og:site_name\" content=\"Profisklad- najlacnej\u0161ie rie\u0161enie pre V\u00e1\u0161 sklad\" \/>\n<meta property=\"article:modified_time\" content=\"2024-02-07T10:03:58+00:00\" \/>\n<meta property=\"og:image\" content=\"https:\/\/www.lacnekontajnery.sk\/eshop\/wp-content\/uploads\/2020\/07\/bkLT9Ksxrc-compress.jpg\" \/>\n\t<meta property=\"og:image:width\" content=\"640\" \/>\n\t<meta property=\"og:image:height\" content=\"480\" \/>\n\t<meta property=\"og:image:type\" content=\"image\/jpeg\" \/>\n<meta name=\"twitter:card\" content=\"summary_large_image\" \/>\n<meta name=\"twitter:label1\" content=\"Predpokladan\u00fd \u010das \u010d\u00edtania\" \/>\n\t<meta name=\"twitter:data1\" content=\"3 min\u00faty\" \/>\n<script type=\"application\/ld+json\" class=\"yoast-schema-graph\">{\"@context\":\"https:\/\/schema.org\",\"@graph\":[{\"@type\":\"WebPage\",\"@id\":\"https:\/\/www.lacnekontajnery.sk\/eshop\/produkt\/pristresok-na-lodny-kontajner-8x6m-350-g-m2\/\",\"url\":\"https:\/\/www.lacnekontajnery.sk\/eshop\/produkt\/pristresok-na-lodny-kontajner-8x6m-350-g-m2\/\",\"name\":\"Pr\u00edstre\u0161ok na lodn\u00fd kontajner 8x6m PE 1400 oh\u0148ovzdorn\u00fd - Profisklad- najlacnej\u0161ie rie\u0161enie pre V\u00e1\u0161 sklad\",\"isPartOf\":{\"@id\":\"https:\/\/www.lacnekontajnery.sk\/eshop\/#website\"},\"datePublished\":\"2020-07-09T06:20:14+00:00\",\"dateModified\":\"2024-02-07T10:03:58+00:00\",\"description\":\"Pr\u00edstre\u0161ok, zastre\u0161enia, stanov\u00e9 haly, alt\u00e1nky. Zastre\u0161enie na lodn\u00e9 kontajnery v ponuke r\u00f4zne ve\u013ekosti.\",\"breadcrumb\":{\"@id\":\"https:\/\/www.lacnekontajnery.sk\/eshop\/produkt\/pristresok-na-lodny-kontajner-8x6m-350-g-m2\/#breadcrumb\"},\"inLanguage\":\"sk-SK\",\"potentialAction\":[{\"@type\":\"ReadAction\",\"target\":[\"https:\/\/www.lacnekontajnery.sk\/eshop\/produkt\/pristresok-na-lodny-kontajner-8x6m-350-g-m2\/\"]}]},{\"@type\":\"BreadcrumbList\",\"@id\":\"https:\/\/www.lacnekontajnery.sk\/eshop\/produkt\/pristresok-na-lodny-kontajner-8x6m-350-g-m2\/#breadcrumb\",\"itemListElement\":[{\"@type\":\"ListItem\",\"position\":1,\"name\":\"Home\",\"item\":\"https:\/\/www.lacnekontajnery.sk\/eshop\/\"},{\"@type\":\"ListItem\",\"position\":2,\"name\":\"Obchod\",\"item\":\"https:\/\/www.lacnekontajnery.sk\/eshop\/obchod\/\"},{\"@type\":\"ListItem\",\"position\":3,\"name\":\"Pr\u00edstre\u0161ok na lodn\u00fd kontajner 8x6m PE 1400 oh\u0148ovzdorn\u00fd\"}]},{\"@type\":\"WebSite\",\"@id\":\"https:\/\/www.lacnekontajnery.sk\/eshop\/#website\",\"url\":\"https:\/\/www.lacnekontajnery.sk\/eshop\/\",\"name\":\"Profisklad- najlacnej\u0161ie rie\u0161enie pre V\u00e1\u0161 sklad\",\"description\":\"Profesion\u00e1lne sklady\",\"publisher\":{\"@id\":\"https:\/\/www.lacnekontajnery.sk\/eshop\/#organization\"},\"potentialAction\":[{\"@type\":\"SearchAction\",\"target\":{\"@type\":\"EntryPoint\",\"urlTemplate\":\"https:\/\/www.lacnekontajnery.sk\/eshop\/?s={search_term_string}\"},\"query-input\":\"required name=search_term_string\"}],\"inLanguage\":\"sk-SK\"},{\"@type\":\"Organization\",\"@id\":\"https:\/\/www.lacnekontajnery.sk\/eshop\/#organization\",\"name\":\"Profisklad- r\u00fdchle a lacn\u00e9 skladovanie\",\"url\":\"https:\/\/www.lacnekontajnery.sk\/eshop\/\",\"logo\":{\"@type\":\"ImageObject\",\"inLanguage\":\"sk-SK\",\"@id\":\"https:\/\/www.lacnekontajnery.sk\/eshop\/#\/schema\/logo\/image\/\",\"url\":\"https:\/\/www.lacnekontajnery.sk\/eshop\/wp-content\/uploads\/2020\/07\/facebook_cover_photo_1.png\",\"contentUrl\":\"https:\/\/www.lacnekontajnery.sk\/eshop\/wp-content\/uploads\/2020\/07\/facebook_cover_photo_1.png\",\"width\":1640,\"height\":624,\"caption\":\"Profisklad- r\u00fdchle a lacn\u00e9 skladovanie\"},\"image\":{\"@id\":\"https:\/\/www.lacnekontajnery.sk\/eshop\/#\/schema\/logo\/image\/\"}}]}<\/script>\n<!-- \/ Yoast SEO plugin. -->","yoast_head_json":{"title":"Pr\u00edstre\u0161ok na lodn\u00fd kontajner 8x6m PE 1400 oh\u0148ovzdorn\u00fd - Profisklad- najlacnej\u0161ie rie\u0161enie pre V\u00e1\u0161 sklad","description":"Pr\u00edstre\u0161ok, zastre\u0161enia, stanov\u00e9 haly, alt\u00e1nky. Zastre\u0161enie na lodn\u00e9 kontajnery v ponuke r\u00f4zne ve\u013ekosti.","robots":{"index":"index","follow":"follow","max-snippet":"max-snippet:-1","max-image-preview":"max-image-preview:large","max-video-preview":"max-video-preview:-1"},"canonical":"https:\/\/www.lacnekontajnery.sk\/eshop\/produkt\/pristresok-na-lodny-kontajner-8x6m-350-g-m2\/","og_locale":"sk_SK","og_type":"article","og_title":"Pr\u00edstre\u0161ok na lodn\u00fd kontajner 8x6m PE 1400 oh\u0148ovzdorn\u00fd - Profisklad- najlacnej\u0161ie rie\u0161enie pre V\u00e1\u0161 sklad","og_description":"Pr\u00edstre\u0161ok, zastre\u0161enia, stanov\u00e9 haly, alt\u00e1nky. Zastre\u0161enie na lodn\u00e9 kontajnery v ponuke r\u00f4zne ve\u013ekosti.","og_url":"https:\/\/www.lacnekontajnery.sk\/eshop\/produkt\/pristresok-na-lodny-kontajner-8x6m-350-g-m2\/","og_site_name":"Profisklad- najlacnej\u0161ie rie\u0161enie pre V\u00e1\u0161 sklad","article_modified_time":"2024-02-07T10:03:58+00:00","og_image":[{"width":640,"height":480,"url":"https:\/\/www.lacnekontajnery.sk\/eshop\/wp-content\/uploads\/2020\/07\/bkLT9Ksxrc-compress.jpg","type":"image\/jpeg"}],"twitter_card":"summary_large_image","twitter_misc":{"Predpokladan\u00fd \u010das \u010d\u00edtania":"3 min\u00faty"},"schema":{"@context":"https:\/\/schema.org","@graph":[{"@type":"WebPage","@id":"https:\/\/www.lacnekontajnery.sk\/eshop\/produkt\/pristresok-na-lodny-kontajner-8x6m-350-g-m2\/","url":"https:\/\/www.lacnekontajnery.sk\/eshop\/produkt\/pristresok-na-lodny-kontajner-8x6m-350-g-m2\/","name":"Pr\u00edstre\u0161ok na lodn\u00fd kontajner 8x6m PE 1400 oh\u0148ovzdorn\u00fd - Profisklad- najlacnej\u0161ie rie\u0161enie pre V\u00e1\u0161 sklad","isPartOf":{"@id":"https:\/\/www.lacnekontajnery.sk\/eshop\/#website"},"datePublished":"2020-07-09T06:20:14+00:00","dateModified":"2024-02-07T10:03:58+00:00","description":"Pr\u00edstre\u0161ok, zastre\u0161enia, stanov\u00e9 haly, alt\u00e1nky. Zastre\u0161enie na lodn\u00e9 kontajnery v ponuke r\u00f4zne ve\u013ekosti.","breadcrumb":{"@id":"https:\/\/www.lacnekontajnery.sk\/eshop\/produkt\/pristresok-na-lodny-kontajner-8x6m-350-g-m2\/#breadcrumb"},"inLanguage":"sk-SK","potentialAction":[{"@type":"ReadAction","target":["https:\/\/www.lacnekontajnery.sk\/eshop\/produkt\/pristresok-na-lodny-kontajner-8x6m-350-g-m2\/"]}]},{"@type":"BreadcrumbList","@id":"https:\/\/www.lacnekontajnery.sk\/eshop\/produkt\/pristresok-na-lodny-kontajner-8x6m-350-g-m2\/#breadcrumb","itemListElement":[{"@type":"ListItem","position":1,"name":"Home","item":"https:\/\/www.lacnekontajnery.sk\/eshop\/"},{"@type":"ListItem","position":2,"name":"Obchod","item":"https:\/\/www.lacnekontajnery.sk\/eshop\/obchod\/"},{"@type":"ListItem","position":3,"name":"Pr\u00edstre\u0161ok na lodn\u00fd kontajner 8x6m PE 1400 oh\u0148ovzdorn\u00fd"}]},{"@type":"WebSite","@id":"https:\/\/www.lacnekontajnery.sk\/eshop\/#website","url":"https:\/\/www.lacnekontajnery.sk\/eshop\/","name":"Profisklad- najlacnej\u0161ie rie\u0161enie pre V\u00e1\u0161 sklad","description":"Profesion\u00e1lne sklady","publisher":{"@id":"https:\/\/www.lacnekontajnery.sk\/eshop\/#organization"},"potentialAction":[{"@type":"SearchAction","target":{"@type":"EntryPoint","urlTemplate":"https:\/\/www.lacnekontajnery.sk\/eshop\/?s={search_term_string}"},"query-input":"required name=search_term_string"}],"inLanguage":"sk-SK"},{"@type":"Organization","@id":"https:\/\/www.lacnekontajnery.sk\/eshop\/#organization","name":"Profisklad- r\u00fdchle a lacn\u00e9 skladovanie","url":"https:\/\/www.lacnekontajnery.sk\/eshop\/","logo":{"@type":"ImageObject","inLanguage":"sk-SK","@id":"https:\/\/www.lacnekontajnery.sk\/eshop\/#\/schema\/logo\/image\/","url":"https:\/\/www.lacnekontajnery.sk\/eshop\/wp-content\/uploads\/2020\/07\/facebook_cover_photo_1.png","contentUrl":"https:\/\/www.lacnekontajnery.sk\/eshop\/wp-content\/uploads\/2020\/07\/facebook_cover_photo_1.png","width":1640,"height":624,"caption":"Profisklad- r\u00fdchle a lacn\u00e9 skladovanie"},"image":{"@id":"https:\/\/www.lacnekontajnery.sk\/eshop\/#\/schema\/logo\/image\/"}}]}},"jetpack_sharing_enabled":true,"_links":{"self":[{"href":"https:\/\/www.lacnekontajnery.sk\/eshop\/wp-json\/wp\/v2\/product\/61"}],"collection":[{"href":"https:\/\/www.lacnekontajnery.sk\/eshop\/wp-json\/wp\/v2\/product"}],"about":[{"href":"https:\/\/www.lacnekontajnery.sk\/eshop\/wp-json\/wp\/v2\/types\/product"}],"replies":[{"embeddable":true,"href":"https:\/\/www.lacnekontajnery.sk\/eshop\/wp-json\/wp\/v2\/comments?post=61"}],"wp:featuredmedia":[{"embeddable":true,"href":"https:\/\/www.lacnekontajnery.sk\/eshop\/wp-json\/wp\/v2\/media\/851"}],"wp:attachment":[{"href":"https:\/\/www.lacnekontajnery.sk\/eshop\/wp-json\/wp\/v2\/media?parent=61"}],"wp:term":[{"taxonomy":"product_cat","embeddable":true,"href":"https:\/\/www.lacnekontajnery.sk\/eshop\/wp-json\/wp\/v2\/product_cat?post=61"},{"taxonomy":"product_tag","embeddable":true,"href":"https:\/\/www.lacnekontajnery.sk\/eshop\/wp-json\/wp\/v2\/product_tag?post=61"}],"curies":[{"name":"wp","href":"https:\/\/api.w.org\/{rel}","templated":true}]}}