{"id":745,"date":"2020-10-02T13:23:34","date_gmt":"2020-10-02T11:23:34","guid":{"rendered":"https:\/\/www.lacnekontajnery.sk\/eshop\/?post_type=product&#038;p=745"},"modified":"2021-12-01T09:58:11","modified_gmt":"2021-12-01T08:58:11","slug":"sada-na-ochranu-pred-vetrom-pre-profesionalny-stan-na-pastviny-4x4m","status":"publish","type":"product","link":"https:\/\/www.lacnekontajnery.sk\/eshop\/produkt\/sada-na-ochranu-pred-vetrom-pre-profesionalny-stan-na-pastviny-4x4m\/","title":{"rendered":"Sada na ochranu pred vetrom pre profesion\u00e1lny stan na pastviny 4x4m"},"content":{"rendered":"<h4 id=\"tw-target-text\" class=\"tw-data-text tw-text-large XcVN5d tw-ta\" dir=\"ltr\" data-placeholder=\"Preklad\"><span lang=\"sk\">Na\u0161e vetrolamov\u00e9 siete s\u00fa ide\u00e1lnym doplnkom v\u00e1\u0161ho profesion\u00e1lneho stanu na pastviny. Pou\u017e\u00edvaj\u00fa sa ako bo\u010dn\u00e9 panely pre dlh\u00e9 strany. Siete s\u00fa vhodne zostaven\u00e9, maj\u00fa zosilnenie po celom obvode a s\u00fa dookola lemovan\u00e9 okami. Doch\u00e1dza k pr\u00edjemnej cirkul\u00e1cii vzduchu, ktor\u00e1 je obzvl\u00e1\u0161\u0165 prospe\u0161n\u00e1 v lete. Maj\u00fa mimoriadne ve\u013ek\u00e9 podlahov\u00e9 z\u00e1stery, ktor\u00e9 poskytuj\u00fa extra ochranu pred vlhkos\u0165ou a vetrom. Pred\u013a\u017een\u00e9 z\u00e1stery vetrolamov\u00fdch siet\u00ed le\u017eia na zemi a spo\u013eahlivo chr\u00e1nia interi\u00e9r stanu.<\/span><\/h4>\n<ul>\n<li class=\"tw-data-text tw-text-large XcVN5d tw-ta\" dir=\"ltr\" data-placeholder=\"Preklad\"><span lang=\"sk\"> C<\/span><span lang=\"sk\">hr\u00e1\u0148te pred vetrom a snehom <\/span><\/li>\n<li class=\"tw-data-text tw-text-large XcVN5d tw-ta\" dir=\"ltr\" data-placeholder=\"Preklad\"><span lang=\"sk\">Zastavi\u0165 prievan <\/span><\/li>\n<li class=\"tw-data-text tw-text-large XcVN5d tw-ta\" dir=\"ltr\" data-placeholder=\"Preklad\"><span lang=\"sk\"> Zn\u00ed\u017ete prienik p\u00f4dnej vlhkosti<\/span><\/li>\n<li class=\"tw-data-text tw-text-large XcVN5d tw-ta\" dir=\"ltr\" data-placeholder=\"Preklad\"><span lang=\"sk\"> Nechajte zr\u00e1\u017eky od\u00eds\u0165 dostato\u010dne \u010faleko od stanu<\/span><\/li>\n<\/ul>\n","protected":false},"excerpt":{"rendered":"<p>Na\u0161e vetrolamov\u00e9 siete s\u00fa ide\u00e1lnym doplnkom v\u00e1\u0161ho profesion\u00e1lneho stanu na pastviny. Pou\u017e\u00edvaj\u00fa sa ako bo\u010dn\u00e9 panely pre dlh\u00e9 strany. Siete s\u00fa vhodne zostaven\u00e9, maj\u00fa zosilnenie po celom obvode a s\u00fa dookola lemovan\u00e9 okami. Doch\u00e1dza k pr\u00edjemnej cirkul\u00e1cii vzduchu, ktor\u00e1 je obzvl\u00e1\u0161\u0165 prospe\u0161n\u00e1 v lete. Maj\u00fa mimoriadne ve\u013ek\u00e9 podlahov\u00e9 z\u00e1stery, ktor\u00e9 poskytuj\u00fa extra ochranu pred vlhkos\u0165ou [&hellip;]<\/p>\n","protected":false},"featured_media":746,"comment_status":"open","ping_status":"closed","template":"","meta":{"_monsterinsights_skip_tracking":false,"_monsterinsights_sitenote_active":false,"_monsterinsights_sitenote_note":"","_monsterinsights_sitenote_category":0},"product_cat":[22],"product_tag":[],"yoast_head":"<!-- This site is optimized with the Yoast SEO plugin v21.9 - https:\/\/yoast.com\/wordpress\/plugins\/seo\/ -->\n<title>Sada na ochranu pred vetrom pre profesion\u00e1lny stan na pastviny 4x4m - Profisklad- najlacnej\u0161ie rie\u0161enie pre V\u00e1\u0161 sklad<\/title>\n<meta name=\"robots\" content=\"index, follow, max-snippet:-1, max-image-preview:large, max-video-preview:-1\" \/>\n<link rel=\"canonical\" href=\"https:\/\/www.lacnekontajnery.sk\/eshop\/produkt\/sada-na-ochranu-pred-vetrom-pre-profesionalny-stan-na-pastviny-4x4m\/\" \/>\n<meta property=\"og:locale\" content=\"sk_SK\" \/>\n<meta property=\"og:type\" content=\"article\" \/>\n<meta property=\"og:title\" content=\"Sada na ochranu pred vetrom pre profesion\u00e1lny stan na pastviny 4x4m - Profisklad- najlacnej\u0161ie rie\u0161enie pre V\u00e1\u0161 sklad\" \/>\n<meta property=\"og:description\" content=\"Na\u0161e vetrolamov\u00e9 siete s\u00fa ide\u00e1lnym doplnkom v\u00e1\u0161ho profesion\u00e1lneho stanu na pastviny. Pou\u017e\u00edvaj\u00fa sa ako bo\u010dn\u00e9 panely pre dlh\u00e9 strany. Siete s\u00fa vhodne zostaven\u00e9, maj\u00fa zosilnenie po celom obvode a s\u00fa dookola lemovan\u00e9 okami. Doch\u00e1dza k pr\u00edjemnej cirkul\u00e1cii vzduchu, ktor\u00e1 je obzvl\u00e1\u0161\u0165 prospe\u0161n\u00e1 v lete. Maj\u00fa mimoriadne ve\u013ek\u00e9 podlahov\u00e9 z\u00e1stery, ktor\u00e9 poskytuj\u00fa extra ochranu pred vlhkos\u0165ou [&hellip;]\" \/>\n<meta property=\"og:url\" content=\"https:\/\/www.lacnekontajnery.sk\/eshop\/produkt\/sada-na-ochranu-pred-vetrom-pre-profesionalny-stan-na-pastviny-4x4m\/\" \/>\n<meta property=\"og:site_name\" content=\"Profisklad- najlacnej\u0161ie rie\u0161enie pre V\u00e1\u0161 sklad\" \/>\n<meta property=\"article:modified_time\" content=\"2021-12-01T08:58:11+00:00\" \/>\n<meta property=\"og:image\" content=\"https:\/\/www.lacnekontajnery.sk\/eshop\/wp-content\/uploads\/2020\/10\/aU7lYcdgIt-compress.jpg\" \/>\n\t<meta property=\"og:image:width\" content=\"640\" \/>\n\t<meta property=\"og:image:height\" content=\"480\" \/>\n\t<meta property=\"og:image:type\" content=\"image\/jpeg\" \/>\n<meta name=\"twitter:card\" content=\"summary_large_image\" \/>\n<meta name=\"twitter:label1\" content=\"Predpokladan\u00fd \u010das \u010d\u00edtania\" \/>\n\t<meta name=\"twitter:data1\" content=\"1 min\u00fata\" \/>\n<script type=\"application\/ld+json\" class=\"yoast-schema-graph\">{\"@context\":\"https:\/\/schema.org\",\"@graph\":[{\"@type\":\"WebPage\",\"@id\":\"https:\/\/www.lacnekontajnery.sk\/eshop\/produkt\/sada-na-ochranu-pred-vetrom-pre-profesionalny-stan-na-pastviny-4x4m\/\",\"url\":\"https:\/\/www.lacnekontajnery.sk\/eshop\/produkt\/sada-na-ochranu-pred-vetrom-pre-profesionalny-stan-na-pastviny-4x4m\/\",\"name\":\"Sada na ochranu pred vetrom pre profesion\u00e1lny stan na pastviny 4x4m - Profisklad- najlacnej\u0161ie rie\u0161enie pre V\u00e1\u0161 sklad\",\"isPartOf\":{\"@id\":\"https:\/\/www.lacnekontajnery.sk\/eshop\/#website\"},\"datePublished\":\"2020-10-02T11:23:34+00:00\",\"dateModified\":\"2021-12-01T08:58:11+00:00\",\"breadcrumb\":{\"@id\":\"https:\/\/www.lacnekontajnery.sk\/eshop\/produkt\/sada-na-ochranu-pred-vetrom-pre-profesionalny-stan-na-pastviny-4x4m\/#breadcrumb\"},\"inLanguage\":\"sk-SK\",\"potentialAction\":[{\"@type\":\"ReadAction\",\"target\":[\"https:\/\/www.lacnekontajnery.sk\/eshop\/produkt\/sada-na-ochranu-pred-vetrom-pre-profesionalny-stan-na-pastviny-4x4m\/\"]}]},{\"@type\":\"BreadcrumbList\",\"@id\":\"https:\/\/www.lacnekontajnery.sk\/eshop\/produkt\/sada-na-ochranu-pred-vetrom-pre-profesionalny-stan-na-pastviny-4x4m\/#breadcrumb\",\"itemListElement\":[{\"@type\":\"ListItem\",\"position\":1,\"name\":\"Home\",\"item\":\"https:\/\/www.lacnekontajnery.sk\/eshop\/\"},{\"@type\":\"ListItem\",\"position\":2,\"name\":\"Obchod\",\"item\":\"https:\/\/www.lacnekontajnery.sk\/eshop\/obchod\/\"},{\"@type\":\"ListItem\",\"position\":3,\"name\":\"Sada na ochranu pred vetrom pre profesion\u00e1lny stan na pastviny 4x4m\"}]},{\"@type\":\"WebSite\",\"@id\":\"https:\/\/www.lacnekontajnery.sk\/eshop\/#website\",\"url\":\"https:\/\/www.lacnekontajnery.sk\/eshop\/\",\"name\":\"Profisklad- najlacnej\u0161ie rie\u0161enie pre V\u00e1\u0161 sklad\",\"description\":\"Profesion\u00e1lne sklady\",\"publisher\":{\"@id\":\"https:\/\/www.lacnekontajnery.sk\/eshop\/#organization\"},\"potentialAction\":[{\"@type\":\"SearchAction\",\"target\":{\"@type\":\"EntryPoint\",\"urlTemplate\":\"https:\/\/www.lacnekontajnery.sk\/eshop\/?s={search_term_string}\"},\"query-input\":\"required name=search_term_string\"}],\"inLanguage\":\"sk-SK\"},{\"@type\":\"Organization\",\"@id\":\"https:\/\/www.lacnekontajnery.sk\/eshop\/#organization\",\"name\":\"Profisklad- r\u00fdchle a lacn\u00e9 skladovanie\",\"url\":\"https:\/\/www.lacnekontajnery.sk\/eshop\/\",\"logo\":{\"@type\":\"ImageObject\",\"inLanguage\":\"sk-SK\",\"@id\":\"https:\/\/www.lacnekontajnery.sk\/eshop\/#\/schema\/logo\/image\/\",\"url\":\"https:\/\/www.lacnekontajnery.sk\/eshop\/wp-content\/uploads\/2020\/07\/facebook_cover_photo_1.png\",\"contentUrl\":\"https:\/\/www.lacnekontajnery.sk\/eshop\/wp-content\/uploads\/2020\/07\/facebook_cover_photo_1.png\",\"width\":1640,\"height\":624,\"caption\":\"Profisklad- r\u00fdchle a lacn\u00e9 skladovanie\"},\"image\":{\"@id\":\"https:\/\/www.lacnekontajnery.sk\/eshop\/#\/schema\/logo\/image\/\"}}]}<\/script>\n<!-- \/ Yoast SEO plugin. -->","yoast_head_json":{"title":"Sada na ochranu pred vetrom pre profesion\u00e1lny stan na pastviny 4x4m - Profisklad- najlacnej\u0161ie rie\u0161enie pre V\u00e1\u0161 sklad","robots":{"index":"index","follow":"follow","max-snippet":"max-snippet:-1","max-image-preview":"max-image-preview:large","max-video-preview":"max-video-preview:-1"},"canonical":"https:\/\/www.lacnekontajnery.sk\/eshop\/produkt\/sada-na-ochranu-pred-vetrom-pre-profesionalny-stan-na-pastviny-4x4m\/","og_locale":"sk_SK","og_type":"article","og_title":"Sada na ochranu pred vetrom pre profesion\u00e1lny stan na pastviny 4x4m - Profisklad- najlacnej\u0161ie rie\u0161enie pre V\u00e1\u0161 sklad","og_description":"Na\u0161e vetrolamov\u00e9 siete s\u00fa ide\u00e1lnym doplnkom v\u00e1\u0161ho profesion\u00e1lneho stanu na pastviny. Pou\u017e\u00edvaj\u00fa sa ako bo\u010dn\u00e9 panely pre dlh\u00e9 strany. Siete s\u00fa vhodne zostaven\u00e9, maj\u00fa zosilnenie po celom obvode a s\u00fa dookola lemovan\u00e9 okami. Doch\u00e1dza k pr\u00edjemnej cirkul\u00e1cii vzduchu, ktor\u00e1 je obzvl\u00e1\u0161\u0165 prospe\u0161n\u00e1 v lete. Maj\u00fa mimoriadne ve\u013ek\u00e9 podlahov\u00e9 z\u00e1stery, ktor\u00e9 poskytuj\u00fa extra ochranu pred vlhkos\u0165ou [&hellip;]","og_url":"https:\/\/www.lacnekontajnery.sk\/eshop\/produkt\/sada-na-ochranu-pred-vetrom-pre-profesionalny-stan-na-pastviny-4x4m\/","og_site_name":"Profisklad- najlacnej\u0161ie rie\u0161enie pre V\u00e1\u0161 sklad","article_modified_time":"2021-12-01T08:58:11+00:00","og_image":[{"width":640,"height":480,"url":"https:\/\/www.lacnekontajnery.sk\/eshop\/wp-content\/uploads\/2020\/10\/aU7lYcdgIt-compress.jpg","type":"image\/jpeg"}],"twitter_card":"summary_large_image","twitter_misc":{"Predpokladan\u00fd \u010das \u010d\u00edtania":"1 min\u00fata"},"schema":{"@context":"https:\/\/schema.org","@graph":[{"@type":"WebPage","@id":"https:\/\/www.lacnekontajnery.sk\/eshop\/produkt\/sada-na-ochranu-pred-vetrom-pre-profesionalny-stan-na-pastviny-4x4m\/","url":"https:\/\/www.lacnekontajnery.sk\/eshop\/produkt\/sada-na-ochranu-pred-vetrom-pre-profesionalny-stan-na-pastviny-4x4m\/","name":"Sada na ochranu pred vetrom pre profesion\u00e1lny stan na pastviny 4x4m - Profisklad- najlacnej\u0161ie rie\u0161enie pre V\u00e1\u0161 sklad","isPartOf":{"@id":"https:\/\/www.lacnekontajnery.sk\/eshop\/#website"},"datePublished":"2020-10-02T11:23:34+00:00","dateModified":"2021-12-01T08:58:11+00:00","breadcrumb":{"@id":"https:\/\/www.lacnekontajnery.sk\/eshop\/produkt\/sada-na-ochranu-pred-vetrom-pre-profesionalny-stan-na-pastviny-4x4m\/#breadcrumb"},"inLanguage":"sk-SK","potentialAction":[{"@type":"ReadAction","target":["https:\/\/www.lacnekontajnery.sk\/eshop\/produkt\/sada-na-ochranu-pred-vetrom-pre-profesionalny-stan-na-pastviny-4x4m\/"]}]},{"@type":"BreadcrumbList","@id":"https:\/\/www.lacnekontajnery.sk\/eshop\/produkt\/sada-na-ochranu-pred-vetrom-pre-profesionalny-stan-na-pastviny-4x4m\/#breadcrumb","itemListElement":[{"@type":"ListItem","position":1,"name":"Home","item":"https:\/\/www.lacnekontajnery.sk\/eshop\/"},{"@type":"ListItem","position":2,"name":"Obchod","item":"https:\/\/www.lacnekontajnery.sk\/eshop\/obchod\/"},{"@type":"ListItem","position":3,"name":"Sada na ochranu pred vetrom pre profesion\u00e1lny stan na pastviny 4x4m"}]},{"@type":"WebSite","@id":"https:\/\/www.lacnekontajnery.sk\/eshop\/#website","url":"https:\/\/www.lacnekontajnery.sk\/eshop\/","name":"Profisklad- najlacnej\u0161ie rie\u0161enie pre V\u00e1\u0161 sklad","description":"Profesion\u00e1lne sklady","publisher":{"@id":"https:\/\/www.lacnekontajnery.sk\/eshop\/#organization"},"potentialAction":[{"@type":"SearchAction","target":{"@type":"EntryPoint","urlTemplate":"https:\/\/www.lacnekontajnery.sk\/eshop\/?s={search_term_string}"},"query-input":"required name=search_term_string"}],"inLanguage":"sk-SK"},{"@type":"Organization","@id":"https:\/\/www.lacnekontajnery.sk\/eshop\/#organization","name":"Profisklad- r\u00fdchle a lacn\u00e9 skladovanie","url":"https:\/\/www.lacnekontajnery.sk\/eshop\/","logo":{"@type":"ImageObject","inLanguage":"sk-SK","@id":"https:\/\/www.lacnekontajnery.sk\/eshop\/#\/schema\/logo\/image\/","url":"https:\/\/www.lacnekontajnery.sk\/eshop\/wp-content\/uploads\/2020\/07\/facebook_cover_photo_1.png","contentUrl":"https:\/\/www.lacnekontajnery.sk\/eshop\/wp-content\/uploads\/2020\/07\/facebook_cover_photo_1.png","width":1640,"height":624,"caption":"Profisklad- r\u00fdchle a lacn\u00e9 skladovanie"},"image":{"@id":"https:\/\/www.lacnekontajnery.sk\/eshop\/#\/schema\/logo\/image\/"}}]}},"jetpack_sharing_enabled":true,"_links":{"self":[{"href":"https:\/\/www.lacnekontajnery.sk\/eshop\/wp-json\/wp\/v2\/product\/745"}],"collection":[{"href":"https:\/\/www.lacnekontajnery.sk\/eshop\/wp-json\/wp\/v2\/product"}],"about":[{"href":"https:\/\/www.lacnekontajnery.sk\/eshop\/wp-json\/wp\/v2\/types\/product"}],"replies":[{"embeddable":true,"href":"https:\/\/www.lacnekontajnery.sk\/eshop\/wp-json\/wp\/v2\/comments?post=745"}],"wp:featuredmedia":[{"embeddable":true,"href":"https:\/\/www.lacnekontajnery.sk\/eshop\/wp-json\/wp\/v2\/media\/746"}],"wp:attachment":[{"href":"https:\/\/www.lacnekontajnery.sk\/eshop\/wp-json\/wp\/v2\/media?parent=745"}],"wp:term":[{"taxonomy":"product_cat","embeddable":true,"href":"https:\/\/www.lacnekontajnery.sk\/eshop\/wp-json\/wp\/v2\/product_cat?post=745"},{"taxonomy":"product_tag","embeddable":true,"href":"https:\/\/www.lacnekontajnery.sk\/eshop\/wp-json\/wp\/v2\/product_tag?post=745"}],"curies":[{"name":"wp","href":"https:\/\/api.w.org\/{rel}","templated":true}]}}